{"id":8123,"date":"2025-05-28T16:38:46","date_gmt":"2025-05-28T14:38:46","guid":{"rendered":"https:\/\/www.espace-avendre.com\/?post_type=exhibition&#038;p=8123"},"modified":"2026-02-06T15:53:07","modified_gmt":"2026-02-06T14:53:07","slug":"thierry-lagalla","status":"publish","type":"exhibition","link":"https:\/\/www.espace-avendre.com\/en\/exhibition\/thierry-lagalla\/","title":{"rendered":"Thierry Lagalla &#8211;  Holeways on my mind"},"content":{"rendered":"\n<p><strong><em>Holeways On My Mind<\/em><\/strong><em>(Troujours dans mon esprit)<br><\/em>Exposition dans La galerie d\u2019Espace \u00e0 vendre \u2013 10 rue Assalit, Nice<br><strong>Du 7 juin au 13 septembre 2025<\/strong><\/p>\n\n\n\n<p>Il \u00e9tait quasi impossible, dans cette p\u00e9riode de \u00ab c\u00e9l\u00e9bration des oc\u00e9ans \u00bb, de ne pas inviter l&#8217;indig\u00e8ne de l&#8217;\u00e9tape, de ne pas convoquer l&#8217;\u0153uvre singuli\u00e8re de<strong> Thierry Lagalla<\/strong>. Cette cr\u00e9ation qui nous invite sans cesse et de toutes les mani\u00e8res \u00e0 porter un regard \u00e9tonn\u00e9 sur la nature des choses, Lucr\u00e8ce si tu nous vois\u2026&nbsp;<\/p>\n\n\n\n<p>Avec <em>Holeways On My Mind (troujours dans mon esprit)<\/em>, cet artiste qui parle couramment&nbsp; le G\u00f2bi \u2014 comme il aime \u00e0 le dire avec fac\u00e9tie \u2014 nous invite, depuis ce <em>riba de mar*<\/em>, \u00e0 r\u00e9aliser une travers\u00e9e de son \u0153uvre mettant \u00e0 l&#8217;honneur la question m\u00e9diterran\u00e9enne qui la compose.&nbsp;&nbsp;&nbsp;<\/p>\n\n\n\n<p>C&#8217;est un&nbsp; ensemble de peintures du Midi monochromis\u00e9es qui nous accueille, <em>Mes ciels\u2026Oh pardon, mes cieux<\/em>. Ces \u0153uvres collect\u00e9es, produites par des peintres anonymes, viennent reposer, sous toutes ses formes, la question du pittoresque produite par ce territoire m\u00e9diterran\u00e9en. <em>Le Midi des peintres<\/em> de Pierre Cabanne, ouvrage de r\u00e9f\u00e9rence dans ce domaine, accompagne cet ensemble pictural ; son texte et ses reproductions monochromis\u00e9es viennent \u00e0 chaque page s\u2019insinuer parmi les \u0153uvres pr\u00e9sent\u00e9es au mur. Par inspiration, mim\u00e9tisme ou opposition, les tableaux se m\u00ealent.&nbsp;<\/p>\n\n\n\n<p>La question de l\u2019artiste anonyme m\u00eal\u00e9e au destin pittoresque de Midi m\u00e9diterran\u00e9en est maintenue et renforc\u00e9e chez Lagalla par une collection de cartes postales redessin\u00e9es, ajour\u00e9es, trou\u00e9es. Cette famille d&#8217;\u0153uvres interroge le souvenir, son approximation et sa discontinuit\u00e9. Trous, hiatus par lesquels passe un mythe verniss\u00e9 reconstituant le r\u00e9cit d\u2019une fiction se substituant \u00e0 la r\u00e9alit\u00e9. Image d\u00e9tourn\u00e9e d\u2019un r\u00e9el id\u00e9alis\u00e9, que l\u2019on envoie, renvoie, que l\u2019on rapporte comme autant de troph\u00e9es de l\u2019aventure du \u00ab j\u2019y suis \u00bb ou \u00ab j\u2019y \u00e9tais \u00bb. Confront\u00e9e aux souvenirs personnels, r\u00e9appropri\u00e9s par l\u2019op\u00e9ration artistique, l\u2019iconographie touristique perc\u00e9e offre une nu\u00e9e de confettis qui demeurent \u201ctroujours dans son esprit\u201d.<\/p>\n\n\n\n<p>L&#8217;ensemble sera accompagn\u00e9 par quelques repr\u00e9sentants maritimes opercul\u00e9s, notamment le G\u00f2bi qui, en digne repr\u00e9sentant de la m\u00e9diterran\u00e9e d&#8217;en bas, viendra produire son contre-chant, nous demandera d&#8217;assumer notre <em>gobitude<\/em> et voire m\u00eame de clamer haut et fort, avec lui :&nbsp;<\/p>\n\n\n\n<p><strong>\u00ab GOBIS DU MONDE ENTIER UNISSONS-NOUS ! \u00bb.<\/strong><\/p>\n\n\n\n<p>* Le bord de mer<\/p>\n","protected":false},"excerpt":{"rendered":"<p>Holeways On My Mind(Troujours dans mon esprit)Exposition dans La galerie d\u2019Espace \u00e0 vendre \u2013 10 rue Assalit, NiceDu 7 juin au 13 septembre 2025 Il \u00e9tait quasi impossible, dans cette p\u00e9riode de \u00ab c\u00e9l\u00e9bration des oc\u00e9ans \u00bb, de ne pas inviter l&#8217;indig\u00e8ne de l&#8217;\u00e9tape, de ne pas convoquer l&#8217;\u0153uvre singuli\u00e8re de Thierry Lagalla. Cette cr\u00e9ation [&hellip;]<\/p>\n","protected":false},"author":3,"featured_media":8127,"comment_status":"closed","ping_status":"closed","template":"","categories":[78],"tags":[],"class_list":["post-8123","exhibition","type-exhibition","status-publish","has-post-thumbnail","hentry","category-exposition-personnelle-2"],"acf":[],"_links":{"self":[{"href":"https:\/\/www.espace-avendre.com\/en\/wp-json\/wp\/v2\/exhibition\/8123","targetHints":{"allow":["GET"]}}],"collection":[{"href":"https:\/\/www.espace-avendre.com\/en\/wp-json\/wp\/v2\/exhibition"}],"about":[{"href":"https:\/\/www.espace-avendre.com\/en\/wp-json\/wp\/v2\/types\/exhibition"}],"author":[{"embeddable":true,"href":"https:\/\/www.espace-avendre.com\/en\/wp-json\/wp\/v2\/users\/3"}],"replies":[{"embeddable":true,"href":"https:\/\/www.espace-avendre.com\/en\/wp-json\/wp\/v2\/comments?post=8123"}],"wp:featuredmedia":[{"embeddable":true,"href":"https:\/\/www.espace-avendre.com\/en\/wp-json\/wp\/v2\/media\/8127"}],"wp:attachment":[{"href":"https:\/\/www.espace-avendre.com\/en\/wp-json\/wp\/v2\/media?parent=8123"}],"wp:term":[{"taxonomy":"category","embeddable":true,"href":"https:\/\/www.espace-avendre.com\/en\/wp-json\/wp\/v2\/categories?post=8123"},{"taxonomy":"post_tag","embeddable":true,"href":"https:\/\/www.espace-avendre.com\/en\/wp-json\/wp\/v2\/tags?post=8123"}],"curies":[{"name":"wp","href":"https:\/\/api.w.org\/{rel}","templated":true}]}}

<p><strong><em>Holeways On My Mind</em></strong><em>(Troujours dans mon esprit)<br></em>Exposition dans La galerie d’Espace à vendre – 10 rue Assalit, Nice<br><strong>Du 7 juin au 13 septembre 2025</strong></p>



<p>Il était quasi impossible, dans cette période de « célébration des océans », de ne pas inviter l&#8217;indigène de l&#8217;étape, de ne pas convoquer l&#8217;œuvre singulière de<strong> Thierry Lagalla</strong>. Cette création qui nous invite sans cesse et de toutes les manières à porter un regard étonné sur la nature des choses, Lucrèce si tu nous vois…&nbsp;</p>



<p>Avec <em>Holeways On My Mind (troujours dans mon esprit)</em>, cet artiste qui parle couramment&nbsp; le Gòbi — comme il aime à le dire avec facétie — nous invite, depuis ce <em>riba de mar*</em>, à réaliser une traversée de son œuvre mettant à l&#8217;honneur la question méditerranéenne qui la compose.&nbsp;&nbsp;&nbsp;</p>



<p>C&#8217;est un&nbsp; ensemble de peintures du Midi monochromisées qui nous accueille, <em>Mes ciels…Oh pardon, mes cieux</em>. Ces œuvres collectées, produites par des peintres anonymes, viennent reposer, sous toutes ses formes, la question du pittoresque produite par ce territoire méditerranéen. <em>Le Midi des peintres</em> de Pierre Cabanne, ouvrage de référence dans ce domaine, accompagne cet ensemble pictural ; son texte et ses reproductions monochromisées viennent à chaque page s’insinuer parmi les œuvres présentées au mur. Par inspiration, mimétisme ou opposition, les tableaux se mêlent.&nbsp;</p>



<p>La question de l’artiste anonyme mêlée au destin pittoresque de Midi méditerranéen est maintenue et renforcée chez Lagalla par une collection de cartes postales redessinées, ajourées, trouées. Cette famille d&#8217;œuvres interroge le souvenir, son approximation et sa discontinuité. Trous, hiatus par lesquels passe un mythe vernissé reconstituant le récit d’une fiction se substituant à la réalité. Image détournée d’un réel idéalisé, que l’on envoie, renvoie, que l’on rapporte comme autant de trophées de l’aventure du « j’y suis » ou « j’y étais ». Confrontée aux souvenirs personnels, réappropriés par l’opération artistique, l’iconographie touristique percée offre une nuée de confettis qui demeurent “troujours dans son esprit”.</p>



<p>L&#8217;ensemble sera accompagné par quelques représentants maritimes operculés, notamment le Gòbi qui, en digne représentant de la méditerranée d&#8217;en bas, viendra produire son contre-chant, nous demandera d&#8217;assumer notre <em>gobitude</em> et voire même de clamer haut et fort, avec lui :&nbsp;</p>



<p><strong>« GOBIS DU MONDE ENTIER UNISSONS-NOUS ! ».</strong></p>



<p>* Le bord de mer</p>

<p>Holeways On My Mind(Troujours dans mon esprit)Exposition dans La galerie d’Espace à vendre – 10 rue Assalit, NiceDu 7 juin au 13 septembre 2025 Il était quasi impossible, dans cette période de « célébration des océans », de ne pas inviter l&#8217;indigène de l&#8217;étape, de ne pas convoquer l&#8217;œuvre singulière de Thierry Lagalla. Cette création [&hellip;]</p>
