{"id":8521,"date":"2026-05-02T19:02:55","date_gmt":"2026-05-02T17:02:55","guid":{"rendered":"https:\/\/www.espace-avendre.com\/?post_type=event&#038;p=8521"},"modified":"2026-05-02T19:06:22","modified_gmt":"2026-05-02T17:06:22","slug":"sortie-du-premier-album-du-cycle-du-temps-elastique","status":"publish","type":"event","link":"https:\/\/www.espace-avendre.com\/en\/event\/sortie-du-premier-album-du-cycle-du-temps-elastique\/","title":{"rendered":"Sortie du premier album du Cycle du Temps \u00c9lastique"},"content":{"rendered":"\n<p>Sortie le 7 mai 2026 du premier album du Cycle du Temps \u00c9lastique avec Benjamin Fincher, Cyrille Mellerio et Sidney Feret.<br><br>La pochette de l&#8217;alubum est r\u00e9alis\u00e9e par Quentin Spohn<\/p>\n\n\n\n<p>Disponible d\u00e8s \u00e0 pr\u00e9sent en pr\u00e9vente (300 exemplaires num\u00e9rot\u00e9s, vinyle marbr\u00e9, 180 grammes) :<br><br><a href=\"https:\/\/lcdte.bandcamp.com\" target=\"_blank\" rel=\"noopener\">https:\/\/lcdte.bandcamp.com<\/a><br><br><\/p>\n\n\n\n<p><\/p>\n","protected":false},"excerpt":{"rendered":"<p>Sortie le 7 mai 2026 du premier album du Cycle du Temps \u00c9lastique avec Benjamin Fincher, Cyrille Mellerio et Sidney Feret. La pochette de l&#8217;alubum est r\u00e9alis\u00e9e par Quentin Spohn Disponible d\u00e8s \u00e0 pr\u00e9sent en pr\u00e9vente (300 exemplaires num\u00e9rot\u00e9s, vinyle marbr\u00e9, 180 grammes) : https:\/\/lcdte.bandcamp.com<\/p>\n","protected":false},"author":3,"featured_media":8522,"template":"","categories":[],"tags":[],"class_list":["post-8521","event","type-event","status-publish","has-post-thumbnail","hentry"],"acf":[],"_links":{"self":[{"href":"https:\/\/www.espace-avendre.com\/en\/wp-json\/wp\/v2\/event\/8521","targetHints":{"allow":["GET"]}}],"collection":[{"href":"https:\/\/www.espace-avendre.com\/en\/wp-json\/wp\/v2\/event"}],"about":[{"href":"https:\/\/www.espace-avendre.com\/en\/wp-json\/wp\/v2\/types\/event"}],"author":[{"embeddable":true,"href":"https:\/\/www.espace-avendre.com\/en\/wp-json\/wp\/v2\/users\/3"}],"wp:featuredmedia":[{"embeddable":true,"href":"https:\/\/www.espace-avendre.com\/en\/wp-json\/wp\/v2\/media\/8522"}],"wp:attachment":[{"href":"https:\/\/www.espace-avendre.com\/en\/wp-json\/wp\/v2\/media?parent=8521"}],"wp:term":[{"taxonomy":"category","embeddable":true,"href":"https:\/\/www.espace-avendre.com\/en\/wp-json\/wp\/v2\/categories?post=8521"},{"taxonomy":"post_tag","embeddable":true,"href":"https:\/\/www.espace-avendre.com\/en\/wp-json\/wp\/v2\/tags?post=8521"}],"curies":[{"name":"wp","href":"https:\/\/api.w.org\/{rel}","templated":true}]}}

Sortie du premier album du Cycle du Temps Élastique

<p>Sortie le 7 mai 2026 du premier album du Cycle du Temps Élastique avec Benjamin Fincher, Cyrille Mellerio et Sidney Feret.<br><br>La pochette de l&#8217;alubum est réalisée par Quentin Spohn</p>



<p>Disponible dès à présent en prévente (300 exemplaires numérotés, vinyle marbré, 180 grammes) :<br><br><a href="https://lcdte.bandcamp.com" target="_blank" rel="noopener">https://lcdte.bandcamp.com</a><br><br></p>



<p></p>

<p>Sortie le 7 mai 2026 du premier album du Cycle du Temps Élastique avec Benjamin Fincher, Cyrille Mellerio et Sidney Feret. La pochette de l&#8217;alubum est réalisée par Quentin Spohn Disponible dès à présent en prévente (300 exemplaires numérotés, vinyle marbré, 180 grammes) : https://lcdte.bandcamp.com</p>
