{"id":8339,"date":"2026-01-16T18:40:08","date_gmt":"2026-01-16T17:40:08","guid":{"rendered":"https:\/\/www.espace-avendre.com\/?post_type=event&#038;p=8339"},"modified":"2026-03-16T23:02:06","modified_gmt":"2026-03-16T22:02:06","slug":"maxime-duveau-a-la-drawing-factory","status":"publish","type":"event","link":"https:\/\/www.espace-avendre.com\/en\/event\/maxime-duveau-a-la-drawing-factory\/","title":{"rendered":"Maxime Duveau \u00e0 la Drawing Factory"},"content":{"rendered":"\n<p>Sur une initiative de la Drawing Society, avec le Centre national des arts plastiques (Cnap) et en partenariat avec SOFERIM, promoteur immobilier, la Drawing Factory II a ouvert ses portes dans un immeuble situ\u00e9 au 61 rue de Richelieu, Paris 2e<\/p>\n\n\n\n<p>Suite \u00e0 l\u2019appel \u00e0 candidatures du 10 au 28 octobre 2025, les artistes s\u00e9lectionn\u00e9s ont rejoint les ateliers de la Drawing Factory II le 4 novembre 2025.\u00a0<strong>Ces ateliers resteront ouverts jusqu\u2019au 30 avril 2026<\/strong>.<br><br><a href=\"https:\/\/www.drawinglabparis.com\/artistes\/maxime-duveau\/\" target=\"_blank\" rel=\"noopener\"><strong>https:\/\/www.drawinglabparis.com\/artistes\/maxime-duveau\/<\/strong><\/a><\/p>\n\n\n\n<p><\/p>\n","protected":false},"excerpt":{"rendered":"<p>Sur une initiative de la Drawing Society, avec le Centre national des arts plastiques (Cnap) et en partenariat avec SOFERIM, promoteur immobilier, la Drawing Factory II a ouvert ses portes dans un immeuble situ\u00e9 au 61 rue de Richelieu, Paris 2e Suite \u00e0 l\u2019appel \u00e0 candidatures du 10 au 28 octobre 2025, les artistes s\u00e9lectionn\u00e9s [&hellip;]<\/p>\n","protected":false},"author":3,"featured_media":8495,"template":"","categories":[],"tags":[],"class_list":["post-8339","event","type-event","status-publish","has-post-thumbnail","hentry"],"acf":[],"_links":{"self":[{"href":"https:\/\/www.espace-avendre.com\/en\/wp-json\/wp\/v2\/event\/8339","targetHints":{"allow":["GET"]}}],"collection":[{"href":"https:\/\/www.espace-avendre.com\/en\/wp-json\/wp\/v2\/event"}],"about":[{"href":"https:\/\/www.espace-avendre.com\/en\/wp-json\/wp\/v2\/types\/event"}],"author":[{"embeddable":true,"href":"https:\/\/www.espace-avendre.com\/en\/wp-json\/wp\/v2\/users\/3"}],"wp:featuredmedia":[{"embeddable":true,"href":"https:\/\/www.espace-avendre.com\/en\/wp-json\/wp\/v2\/media\/8495"}],"wp:attachment":[{"href":"https:\/\/www.espace-avendre.com\/en\/wp-json\/wp\/v2\/media?parent=8339"}],"wp:term":[{"taxonomy":"category","embeddable":true,"href":"https:\/\/www.espace-avendre.com\/en\/wp-json\/wp\/v2\/categories?post=8339"},{"taxonomy":"post_tag","embeddable":true,"href":"https:\/\/www.espace-avendre.com\/en\/wp-json\/wp\/v2\/tags?post=8339"}],"curies":[{"name":"wp","href":"https:\/\/api.w.org\/{rel}","templated":true}]}}

Maxime Duveau à la Drawing Factory

<p>Sur une initiative de la Drawing Society, avec le Centre national des arts plastiques (Cnap) et en partenariat avec SOFERIM, promoteur immobilier, la Drawing Factory II a ouvert ses portes dans un immeuble situé au 61 rue de Richelieu, Paris 2e</p>



<p>Suite à l’appel à candidatures du 10 au 28 octobre 2025, les artistes sélectionnés ont rejoint les ateliers de la Drawing Factory II le 4 novembre 2025. <strong>Ces ateliers resteront ouverts jusqu’au 30 avril 2026</strong>.<br><br><a href="https://www.drawinglabparis.com/artistes/maxime-duveau/" target="_blank" rel="noopener"><strong>https://www.drawinglabparis.com/artistes/maxime-duveau/</strong></a></p>



<p></p>

<p>Sur une initiative de la Drawing Society, avec le Centre national des arts plastiques (Cnap) et en partenariat avec SOFERIM, promoteur immobilier, la Drawing Factory II a ouvert ses portes dans un immeuble situé au 61 rue de Richelieu, Paris 2e Suite à l’appel à candidatures du 10 au 28 octobre 2025, les artistes sélectionnés [&hellip;]</p>
