{"id":8328,"date":"2025-12-04T13:01:40","date_gmt":"2025-12-04T12:01:40","guid":{"rendered":"https:\/\/www.espace-avendre.com\/?post_type=event&#038;p=8328"},"modified":"2025-12-04T13:05:47","modified_gmt":"2025-12-04T12:05:47","slug":"signature-du-dernier-ouvrage-de-didier-balducci","status":"publish","type":"event","link":"https:\/\/www.espace-avendre.com\/en\/event\/signature-du-dernier-ouvrage-de-didier-balducci\/","title":{"rendered":"Signature du dernier ouvrage de Didier Balducci"},"content":{"rendered":"\n<p>Ce samedi 6 d\u00e9cembre en plein vernissage de la nouvelle exposition d&#8217;Espace \u00e0 vendre &#8211; <strong>\u00c7A RAYONNE !<\/strong><\/p>\n\n\n\n<p>Release party  de 15h \u00e0 18h !<\/p>\n\n\n\n<p><strong>Didier Balducci : \u00ab Orchestres de galas \u00bb<\/strong> (MT028) 116 pages dont 55 en couleur &#8211; 14\u20ac<\/p>\n\n\n\n<p>Cinquante biographies (imaginaires ?) d\u2019orchestres de galas, ces merveilleuses formations qui animaient dans les ann\u00e9es 70 (la \u00ab D\u00e9cade Prodigieuse \u00bb de la vari\u00e9t\u00e9 fran\u00e7aise) nos bals du samedi soir, et mettaient le feu (parfois litt\u00e9ralement) dans nos discoth\u00e8ques de sous-pr\u00e9fectures, de Jouy-sur-Yvette \u00e0 Bourre-la-Gaillarde, en produisant une musique immens\u00e9ment populaire mais \u00e9galement tr\u00e8s pointue et exigeante sans laquelle le rayonnement international de notre culture ne serait pas celui qu\u2019il est aujourd\u2019hui.<\/p>\n\n\n\n<p>De Michel Caramelli et son Orchestre Attractif International au Guy Margil Diabolic Group Dance en passant par Manu et Chris, les \u00ab Siamois de la chanson \u00bb, d\u00e9couvrez leur belle histoire, retrouvez leur belle histoire et replongez avec d\u00e9lice dans les fabuleuses ann\u00e9es 70 !<\/p>\n\n\n\n<p><strong>Le soir \u00e0 21h ! Deuxi\u00e8me relase party de Didier Balducci \u00e0 La ZONM\u00c9, Nice.<\/strong><br>Catchy Peril (atomic punk wave &#8211; Marseille) et Cochons de Chiens (post punk &#8211; NIce).<br>Avec peut-\u00eatre un mini live\/playback&#8230;; \u00c0 suivre!<\/p>\n","protected":false},"excerpt":{"rendered":"<p>Ce samedi 6 d\u00e9cembre en plein vernissage de la nouvelle exposition d&#8217;Espace \u00e0 vendre &#8211; \u00c7A RAYONNE ! Release party de 15h \u00e0 18h ! Didier Balducci : \u00ab Orchestres de galas \u00bb (MT028) 116 pages dont 55 en couleur &#8211; 14\u20ac Cinquante biographies (imaginaires ?) d\u2019orchestres de galas, ces merveilleuses formations qui animaient dans [&hellip;]<\/p>\n","protected":false},"author":3,"featured_media":8331,"template":"","categories":[],"tags":[],"class_list":["post-8328","event","type-event","status-publish","has-post-thumbnail","hentry"],"acf":[],"_links":{"self":[{"href":"https:\/\/www.espace-avendre.com\/en\/wp-json\/wp\/v2\/event\/8328","targetHints":{"allow":["GET"]}}],"collection":[{"href":"https:\/\/www.espace-avendre.com\/en\/wp-json\/wp\/v2\/event"}],"about":[{"href":"https:\/\/www.espace-avendre.com\/en\/wp-json\/wp\/v2\/types\/event"}],"author":[{"embeddable":true,"href":"https:\/\/www.espace-avendre.com\/en\/wp-json\/wp\/v2\/users\/3"}],"wp:featuredmedia":[{"embeddable":true,"href":"https:\/\/www.espace-avendre.com\/en\/wp-json\/wp\/v2\/media\/8331"}],"wp:attachment":[{"href":"https:\/\/www.espace-avendre.com\/en\/wp-json\/wp\/v2\/media?parent=8328"}],"wp:term":[{"taxonomy":"category","embeddable":true,"href":"https:\/\/www.espace-avendre.com\/en\/wp-json\/wp\/v2\/categories?post=8328"},{"taxonomy":"post_tag","embeddable":true,"href":"https:\/\/www.espace-avendre.com\/en\/wp-json\/wp\/v2\/tags?post=8328"}],"curies":[{"name":"wp","href":"https:\/\/api.w.org\/{rel}","templated":true}]}}

<p>Ce samedi 6 décembre en plein vernissage de la nouvelle exposition d&#8217;Espace à vendre &#8211; <strong>ÇA RAYONNE !</strong></p>



<p>Release party  de 15h à 18h !</p>



<p><strong>Didier Balducci : « Orchestres de galas »</strong> (MT028) 116 pages dont 55 en couleur &#8211; 14€</p>



<p>Cinquante biographies (imaginaires ?) d’orchestres de galas, ces merveilleuses formations qui animaient dans les années 70 (la « Décade Prodigieuse » de la variété française) nos bals du samedi soir, et mettaient le feu (parfois littéralement) dans nos discothèques de sous-préfectures, de Jouy-sur-Yvette à Bourre-la-Gaillarde, en produisant une musique immensément populaire mais également très pointue et exigeante sans laquelle le rayonnement international de notre culture ne serait pas celui qu’il est aujourd’hui.</p>



<p>De Michel Caramelli et son Orchestre Attractif International au Guy Margil Diabolic Group Dance en passant par Manu et Chris, les « Siamois de la chanson », découvrez leur belle histoire, retrouvez leur belle histoire et replongez avec délice dans les fabuleuses années 70 !</p>



<p><strong>Le soir à 21h ! Deuxième relase party de Didier Balducci à La ZONMÉ, Nice.</strong><br>Catchy Peril (atomic punk wave &#8211; Marseille) et Cochons de Chiens (post punk &#8211; NIce).<br>Avec peut-être un mini live/playback&#8230;; À suivre!</p>

<p>Ce samedi 6 décembre en plein vernissage de la nouvelle exposition d&#8217;Espace à vendre &#8211; ÇA RAYONNE ! Release party de 15h à 18h ! Didier Balducci : « Orchestres de galas » (MT028) 116 pages dont 55 en couleur &#8211; 14€ Cinquante biographies (imaginaires ?) d’orchestres de galas, ces merveilleuses formations qui animaient dans [&hellip;]</p>
