{"id":8287,"date":"2025-10-21T15:35:19","date_gmt":"2025-10-21T13:35:19","guid":{"rendered":"https:\/\/www.espace-avendre.com\/?post_type=event&#038;p=8287"},"modified":"2025-10-21T15:39:30","modified_gmt":"2025-10-21T13:39:30","slug":"jeremy-griffaud-art-on-the-marquee","status":"publish","type":"event","link":"https:\/\/www.espace-avendre.com\/en\/event\/jeremy-griffaud-art-on-the-marquee\/","title":{"rendered":"J\u00e9r\u00e9my Griffaud &#8211; Art on the Marquee"},"content":{"rendered":"\n<p>Nous vous pr\u00e9sentons les artistes d&#8217;Art on the Marquee\u00ae ! \ud83e\udd29 En collaboration avec le <a href=\"https:\/\/www.patchoguetheatre.org\/\" target=\"_blank\" rel=\"noopener\"><strong>Patchogue Theatre for the Performing Arts<\/strong><\/a>, cette s\u00e9rie tournante transforme la marquise num\u00e9rique du th\u00e9\u00e2tre en un espace d&#8217;exposition alternatif. Elle pr\u00e9sente des vid\u00e9os, des GIF et des animations s\u00e9lectionn\u00e9s \u00e0 l&#8217;issue d&#8217;un appel \u00e0 candidatures international. Seule exposition sur marquise \u00e0 Long Island, Art on the Marquee est une cr\u00e9ation originale du MoCA L.I.ghts by PAC.<br><br>Avec :<br>Alina Wilczynski \u00b7 Basia Kurlender \u00b7 David Mew \u00b7 Eileen Novack \u00b7 Farnoosh Doroodgar \u00b7 Heather Arnold \u00b7 Jason Shah \u00b7 <strong>J\u00e9r\u00e9my Griffaud<\/strong> \u00b7 Lampwrecked \u00b7 Jonathan Monaghan \u00b7 Melissa Pelletier \u00b7 Mike Sette \u00b7 Topher Sipes<\/p>\n\n\n\n<p>Lieu pr\u00e9sent\u00e9 Th\u00e9\u00e2tre Patchogue pour les arts du spectacle | 71 E.Main Street, Long Island , USA<br><br>Du 21 octobre au 31 d\u00e9cembre 2025<\/p>\n","protected":false},"excerpt":{"rendered":"<p>Nous vous pr\u00e9sentons les artistes d&#8217;Art on the Marquee\u00ae ! \ud83e\udd29 En collaboration avec le Patchogue Theatre for the Performing Arts, cette s\u00e9rie tournante transforme la marquise num\u00e9rique du th\u00e9\u00e2tre en un espace d&#8217;exposition alternatif. Elle pr\u00e9sente des vid\u00e9os, des GIF et des animations s\u00e9lectionn\u00e9s \u00e0 l&#8217;issue d&#8217;un appel \u00e0 candidatures international. Seule exposition sur [&hellip;]<\/p>\n","protected":false},"author":3,"featured_media":8288,"template":"","categories":[],"tags":[],"class_list":["post-8287","event","type-event","status-publish","has-post-thumbnail","hentry"],"acf":[],"_links":{"self":[{"href":"https:\/\/www.espace-avendre.com\/en\/wp-json\/wp\/v2\/event\/8287","targetHints":{"allow":["GET"]}}],"collection":[{"href":"https:\/\/www.espace-avendre.com\/en\/wp-json\/wp\/v2\/event"}],"about":[{"href":"https:\/\/www.espace-avendre.com\/en\/wp-json\/wp\/v2\/types\/event"}],"author":[{"embeddable":true,"href":"https:\/\/www.espace-avendre.com\/en\/wp-json\/wp\/v2\/users\/3"}],"wp:featuredmedia":[{"embeddable":true,"href":"https:\/\/www.espace-avendre.com\/en\/wp-json\/wp\/v2\/media\/8288"}],"wp:attachment":[{"href":"https:\/\/www.espace-avendre.com\/en\/wp-json\/wp\/v2\/media?parent=8287"}],"wp:term":[{"taxonomy":"category","embeddable":true,"href":"https:\/\/www.espace-avendre.com\/en\/wp-json\/wp\/v2\/categories?post=8287"},{"taxonomy":"post_tag","embeddable":true,"href":"https:\/\/www.espace-avendre.com\/en\/wp-json\/wp\/v2\/tags?post=8287"}],"curies":[{"name":"wp","href":"https:\/\/api.w.org\/{rel}","templated":true}]}}

Jérémy Griffaud &#8211; Art on the Marquee

<p>Nous vous présentons les artistes d&#8217;Art on the Marquee® ! 🤩 En collaboration avec le <a href="https://www.patchoguetheatre.org/" target="_blank" rel="noopener"><strong>Patchogue Theatre for the Performing Arts</strong></a>, cette série tournante transforme la marquise numérique du théâtre en un espace d&#8217;exposition alternatif. Elle présente des vidéos, des GIF et des animations sélectionnés à l&#8217;issue d&#8217;un appel à candidatures international. Seule exposition sur marquise à Long Island, Art on the Marquee est une création originale du MoCA L.I.ghts by PAC.<br><br>Avec :<br>Alina Wilczynski · Basia Kurlender · David Mew · Eileen Novack · Farnoosh Doroodgar · Heather Arnold · Jason Shah · <strong>Jérémy Griffaud</strong> · Lampwrecked · Jonathan Monaghan · Melissa Pelletier · Mike Sette · Topher Sipes</p>



<p>Lieu présenté Théâtre Patchogue pour les arts du spectacle | 71 E.Main Street, Long Island , USA<br><br>Du 21 octobre au 31 décembre 2025</p>

<p>Nous vous présentons les artistes d&#8217;Art on the Marquee® ! 🤩 En collaboration avec le Patchogue Theatre for the Performing Arts, cette série tournante transforme la marquise numérique du théâtre en un espace d&#8217;exposition alternatif. Elle présente des vidéos, des GIF et des animations sélectionnés à l&#8217;issue d&#8217;un appel à candidatures international. Seule exposition sur [&hellip;]</p>
