{"id":8283,"date":"2025-10-21T14:55:16","date_gmt":"2025-10-21T12:55:16","guid":{"rendered":"https:\/\/www.espace-avendre.com\/?post_type=event&#038;p=8283"},"modified":"2025-10-21T14:55:17","modified_gmt":"2025-10-21T12:55:17","slug":"jeremy-griffaud-italia-media-art-festival","status":"publish","type":"event","link":"https:\/\/www.espace-avendre.com\/en\/event\/jeremy-griffaud-italia-media-art-festival\/","title":{"rendered":"J\u00e9r\u00e9my Griffaud &#8211; Italia Media Art Festival"},"content":{"rendered":"\n<h1 class=\"wp-block-heading\"><a href=\"https:\/\/www.italiamediaartfestival.it\/\" target=\"_blank\" rel=\"noopener\"><strong>https:\/\/www.italiamediaartfestival.it\/<\/strong><\/a><br><br>\u0152UVRES S\u00c9LECTIONN\u00c9ES 2025<br>\u00a0INSTALLATIONS VID\u00c9O\u00a0:<\/h1>\n\n\n\n<p><strong>Le Jardin&nbsp;<\/strong><strong>de J\u00e9r\u00e9my Griffaud (Nice, France)<\/strong><\/p>\n\n\n\n<p><em>Le Jardin<\/em>\u00a0est une installation interactive en r\u00e9alit\u00e9 virtuelle qui invite le spectateur \u00e0 devenir \u00e0 la fois acteur et performeur dans un environnement fantastique. R\u00e9alis\u00e9e \u00e0 partir d&#8217;aquarelles num\u00e9ris\u00e9es et r\u00e9interpr\u00e9t\u00e9es avec le moteur Unity, l&#8217;\u0153uvre m\u00eale peinture traditionnelle et technologies immersives de pointe. Dans un jardin luxuriant et onirique, le visiteur incarne un gardien fra\u00eechement rentr\u00e9 de vacances. Ses actions \u2013 planter, arroser et prendre soin d&#8217;une \u00e9trange vie v\u00e9g\u00e9tale \u2013 entretiennent un myst\u00e9rieux \u00e9cosyst\u00e8me technologique, transformant le simple fait de nourrir en cl\u00e9 d&#8217;un monde hybride o\u00f9 vie organique et processus artificiels sont indissociables.<br><br>L&#8217;&nbsp;<strong>Italia Media Art Festival IMAF<\/strong>&nbsp;est le r\u00e9sultat de l&#8217;\u00e9volution naturelle du Miami New Media Festival (MNMF), une plateforme d&#8217;art public qui vient de d\u00e9marrer \u00e0 Miami apr\u00e8s la saison en cours, et qui est devenue une r\u00e9f\u00e9rence internationale dans le domaine de l&#8217;art num\u00e9rique et des nouveaux m\u00e9dias.<\/p>\n\n\n\n<p><br>Apr\u00e8s son activit\u00e9, le MNMF se rendra en Italie en 2017, sous la coordination de Marinellys Tremamunno, dans le cadre d&#8217;une collaboration fructueuse avec&nbsp;<strong>la Rome Art Week RAW.<\/strong>&nbsp;Le festival a en effet organis\u00e9 six \u00e9ditions italiennes avec ses propres projets, en collaboration avec d&#8217;importantes institutions telles que le Mus\u00e9e d&#8217;Art Contemporain de Rome (MACRO), le Centre Culturel Europ\u00e9en de Venise, le Centre d&#8217;\u00c9tudes Am\u00e9ricaines et la Villa Altieri \u00e0 Rome.<\/p>\n\n\n\n<p><br>La collaboration entre la Rome Art Week et le Miami New Media Festival se renforce, une premi\u00e8re pour la premi\u00e8re \u00e9dition du Festival italien d&#8217;art m\u00e9diatique&nbsp;: en 2024, l&#8217;exposition explore \u00e0 nouveau le th\u00e8me curatorial \u00ab&nbsp;Intelligence artificielle&nbsp;: une sortie pour le duo&nbsp;\u00bb \u00e0 travers un parc captivant de projections vid\u00e9o, d&#8217;installations interactives et d&#8217;ateliers artistiques.&nbsp;<\/p>\n","protected":false},"excerpt":{"rendered":"<p>https:\/\/www.italiamediaartfestival.it\/ \u0152UVRES S\u00c9LECTIONN\u00c9ES 2025\u00a0INSTALLATIONS VID\u00c9O\u00a0: Le Jardin&nbsp;de J\u00e9r\u00e9my Griffaud (Nice, France) Le Jardin\u00a0est une installation interactive en r\u00e9alit\u00e9 virtuelle qui invite le spectateur \u00e0 devenir \u00e0 la fois acteur et performeur dans un environnement fantastique. R\u00e9alis\u00e9e \u00e0 partir d&#8217;aquarelles num\u00e9ris\u00e9es et r\u00e9interpr\u00e9t\u00e9es avec le moteur Unity, l&#8217;\u0153uvre m\u00eale peinture traditionnelle et technologies immersives de pointe. [&hellip;]<\/p>\n","protected":false},"author":3,"featured_media":8284,"template":"","categories":[],"tags":[],"class_list":["post-8283","event","type-event","status-publish","has-post-thumbnail","hentry"],"acf":[],"_links":{"self":[{"href":"https:\/\/www.espace-avendre.com\/en\/wp-json\/wp\/v2\/event\/8283","targetHints":{"allow":["GET"]}}],"collection":[{"href":"https:\/\/www.espace-avendre.com\/en\/wp-json\/wp\/v2\/event"}],"about":[{"href":"https:\/\/www.espace-avendre.com\/en\/wp-json\/wp\/v2\/types\/event"}],"author":[{"embeddable":true,"href":"https:\/\/www.espace-avendre.com\/en\/wp-json\/wp\/v2\/users\/3"}],"wp:featuredmedia":[{"embeddable":true,"href":"https:\/\/www.espace-avendre.com\/en\/wp-json\/wp\/v2\/media\/8284"}],"wp:attachment":[{"href":"https:\/\/www.espace-avendre.com\/en\/wp-json\/wp\/v2\/media?parent=8283"}],"wp:term":[{"taxonomy":"category","embeddable":true,"href":"https:\/\/www.espace-avendre.com\/en\/wp-json\/wp\/v2\/categories?post=8283"},{"taxonomy":"post_tag","embeddable":true,"href":"https:\/\/www.espace-avendre.com\/en\/wp-json\/wp\/v2\/tags?post=8283"}],"curies":[{"name":"wp","href":"https:\/\/api.w.org\/{rel}","templated":true}]}}

Jérémy Griffaud &#8211; Italia Media Art Festival

<h1 class="wp-block-heading"><a href="https://www.italiamediaartfestival.it/" target="_blank" rel="noopener"><strong>https://www.italiamediaartfestival.it/</strong></a><br><br>ŒUVRES SÉLECTIONNÉES 2025<br> INSTALLATIONS VIDÉO :</h1>



<p><strong>Le Jardin&nbsp;</strong><strong>de Jérémy Griffaud (Nice, France)</strong></p>



<p><em>Le Jardin</em> est une installation interactive en réalité virtuelle qui invite le spectateur à devenir à la fois acteur et performeur dans un environnement fantastique. Réalisée à partir d&#8217;aquarelles numérisées et réinterprétées avec le moteur Unity, l&#8217;œuvre mêle peinture traditionnelle et technologies immersives de pointe. Dans un jardin luxuriant et onirique, le visiteur incarne un gardien fraîchement rentré de vacances. Ses actions – planter, arroser et prendre soin d&#8217;une étrange vie végétale – entretiennent un mystérieux écosystème technologique, transformant le simple fait de nourrir en clé d&#8217;un monde hybride où vie organique et processus artificiels sont indissociables.<br><br>L&#8217;&nbsp;<strong>Italia Media Art Festival IMAF</strong>&nbsp;est le résultat de l&#8217;évolution naturelle du Miami New Media Festival (MNMF), une plateforme d&#8217;art public qui vient de démarrer à Miami après la saison en cours, et qui est devenue une référence internationale dans le domaine de l&#8217;art numérique et des nouveaux médias.</p>



<p><br>Après son activité, le MNMF se rendra en Italie en 2017, sous la coordination de Marinellys Tremamunno, dans le cadre d&#8217;une collaboration fructueuse avec&nbsp;<strong>la Rome Art Week RAW.</strong>&nbsp;Le festival a en effet organisé six éditions italiennes avec ses propres projets, en collaboration avec d&#8217;importantes institutions telles que le Musée d&#8217;Art Contemporain de Rome (MACRO), le Centre Culturel Européen de Venise, le Centre d&#8217;Études Américaines et la Villa Altieri à Rome.</p>



<p><br>La collaboration entre la Rome Art Week et le Miami New Media Festival se renforce, une première pour la première édition du Festival italien d&#8217;art médiatique&nbsp;: en 2024, l&#8217;exposition explore à nouveau le thème curatorial «&nbsp;Intelligence artificielle&nbsp;: une sortie pour le duo&nbsp;» à travers un parc captivant de projections vidéo, d&#8217;installations interactives et d&#8217;ateliers artistiques.&nbsp;</p>

<p>https://www.italiamediaartfestival.it/ ŒUVRES SÉLECTIONNÉES 2025 INSTALLATIONS VIDÉO : Le Jardin&nbsp;de Jérémy Griffaud (Nice, France) Le Jardin est une installation interactive en réalité virtuelle qui invite le spectateur à devenir à la fois acteur et performeur dans un environnement fantastique. Réalisée à partir d&#8217;aquarelles numérisées et réinterprétées avec le moteur Unity, l&#8217;œuvre mêle peinture traditionnelle et technologies immersives de pointe. [&hellip;]</p>
