{"id":8194,"date":"2025-07-24T10:08:14","date_gmt":"2025-07-24T08:08:14","guid":{"rendered":"https:\/\/www.espace-avendre.com\/?post_type=event&#038;p=8194"},"modified":"2025-07-24T10:08:15","modified_gmt":"2025-07-24T08:08:15","slug":"signature-et-sortie-du-dernier-opus-de-b-a-t","status":"publish","type":"event","link":"https:\/\/www.espace-avendre.com\/en\/event\/signature-et-sortie-du-dernier-opus-de-b-a-t\/","title":{"rendered":"Signature et sortie du dernier opus de B.A.T"},"content":{"rendered":"\n<p>Sortie et signature du dernier\u00a0<strong>B.\u2200.T. en pr\u00e9sence de certains artistes\u00a0<\/strong><br><strong>Jeudi 31 juillet de 18h \u00e0 20h30\u00a0\u00a0<\/strong><br><br><a href=\"https:\/\/www.super-issue.com\/product\/bt-7\" target=\"_blank\" rel=\"noopener\"><strong>B.\u2200.T.\u00a0<\/strong>\u00a0est une revue d&#8217;art annuelle<\/a> \u00e9dit\u00e9e en tirage limit\u00e9 et num\u00e9rot\u00e9e \u00e0 la main, articul\u00e9e autour de trois initiales embl\u00e9matiques du monde de l&#8217;imprimerie et de l&#8217;\u00e9dition. Si d&#8217;ordinaire ce terme renvoie \u00e0 que l&#8217;on appelle le \u00ab bon \u00e0 tirer \u00bb, dans notre projet ces lettres d\u00e9signent des notions diff\u00e9rentes \u00e0 chaque num\u00e9ro.<\/p>\n\n\n\n<p>Pour ce&nbsp;<strong>septi\u00e8me num\u00e9ro, 28 artistes<\/strong>&nbsp;ont particip\u00e9 \u00e0 travers dessins, peintures ou collages pour vous offrir un num\u00e9ro sous le signe du trouble mental \u00e0 travers les trois entr\u00e9es suivantes : Bizarrerie, Ali\u00e9nation &amp; Transfert&nbsp;&nbsp;&nbsp;<br><br><strong>Lo\u00efc Alsina \u2022 Arnus \u2022 \u00c9milie Bitauld \u2022 Nils Bertho \u2022 Lucas Campagnoni \u2022 Clashing Squirrel \u2022 Mathieu Desjardins \u2022 Dominique Forest \u2022 Marine Gambardella \u2022 J\u00e9r\u00e9my Griffaud \u2022 Julien Griffaud \u2022 Victoria Lacombe \u2022 Ugo Lange \u2022 Alex Less \u2022 LPM \u2022 Lo\u00efc Le Pivert \u2022 LoHe H\u00e9l\u00e8ne \u2022 Maris Octavie &amp; Limcela \u2022 G\u00e9rald Panighi \u2022 Fran\u00e7ois Paris Nina Scceletton \u2022 Alessandro Sebastianelli \u2022 Clara Trabuc \u2022 C\u00e9line Turlotte \u2022 Claude Valenti \u2022 Ha Seung Wan \u2022 Esther Wurhlin<\/strong><\/p>\n","protected":false},"excerpt":{"rendered":"<p>Sortie et signature du dernier\u00a0B.\u2200.T. en pr\u00e9sence de certains artistes\u00a0Jeudi 31 juillet de 18h \u00e0 20h30\u00a0\u00a0 B.\u2200.T.\u00a0\u00a0est une revue d&#8217;art annuelle \u00e9dit\u00e9e en tirage limit\u00e9 et num\u00e9rot\u00e9e \u00e0 la main, articul\u00e9e autour de trois initiales embl\u00e9matiques du monde de l&#8217;imprimerie et de l&#8217;\u00e9dition. Si d&#8217;ordinaire ce terme renvoie \u00e0 que l&#8217;on appelle le \u00ab bon [&hellip;]<\/p>\n","protected":false},"author":3,"featured_media":8195,"template":"","categories":[],"tags":[],"class_list":["post-8194","event","type-event","status-publish","has-post-thumbnail","hentry"],"acf":[],"_links":{"self":[{"href":"https:\/\/www.espace-avendre.com\/en\/wp-json\/wp\/v2\/event\/8194","targetHints":{"allow":["GET"]}}],"collection":[{"href":"https:\/\/www.espace-avendre.com\/en\/wp-json\/wp\/v2\/event"}],"about":[{"href":"https:\/\/www.espace-avendre.com\/en\/wp-json\/wp\/v2\/types\/event"}],"author":[{"embeddable":true,"href":"https:\/\/www.espace-avendre.com\/en\/wp-json\/wp\/v2\/users\/3"}],"wp:featuredmedia":[{"embeddable":true,"href":"https:\/\/www.espace-avendre.com\/en\/wp-json\/wp\/v2\/media\/8195"}],"wp:attachment":[{"href":"https:\/\/www.espace-avendre.com\/en\/wp-json\/wp\/v2\/media?parent=8194"}],"wp:term":[{"taxonomy":"category","embeddable":true,"href":"https:\/\/www.espace-avendre.com\/en\/wp-json\/wp\/v2\/categories?post=8194"},{"taxonomy":"post_tag","embeddable":true,"href":"https:\/\/www.espace-avendre.com\/en\/wp-json\/wp\/v2\/tags?post=8194"}],"curies":[{"name":"wp","href":"https:\/\/api.w.org\/{rel}","templated":true}]}}

<p>Sortie et signature du dernier <strong>B.∀.T. en présence de certains artistes </strong><br><strong>Jeudi 31 juillet de 18h à 20h30  </strong><br><br><a href="https://www.super-issue.com/product/bt-7" target="_blank" rel="noopener"><strong>B.∀.T. </strong> est une revue d&#8217;art annuelle</a> éditée en tirage limité et numérotée à la main, articulée autour de trois initiales emblématiques du monde de l&#8217;imprimerie et de l&#8217;édition. Si d&#8217;ordinaire ce terme renvoie à que l&#8217;on appelle le « bon à tirer », dans notre projet ces lettres désignent des notions différentes à chaque numéro.</p>



<p>Pour ce&nbsp;<strong>septième numéro, 28 artistes</strong>&nbsp;ont participé à travers dessins, peintures ou collages pour vous offrir un numéro sous le signe du trouble mental à travers les trois entrées suivantes : Bizarrerie, Aliénation &amp; Transfert&nbsp;&nbsp;&nbsp;<br><br><strong>Loïc Alsina • Arnus • Émilie Bitauld • Nils Bertho • Lucas Campagnoni • Clashing Squirrel • Mathieu Desjardins • Dominique Forest • Marine Gambardella • Jérémy Griffaud • Julien Griffaud • Victoria Lacombe • Ugo Lange • Alex Less • LPM • Loïc Le Pivert • LoHe Hélène • Maris Octavie &amp; Limcela • Gérald Panighi • François Paris Nina Scceletton • Alessandro Sebastianelli • Clara Trabuc • Céline Turlotte • Claude Valenti • Ha Seung Wan • Esther Wurhlin</strong></p>

<p>Sortie et signature du dernier B.∀.T. en présence de certains artistes Jeudi 31 juillet de 18h à 20h30   B.∀.T.  est une revue d&#8217;art annuelle éditée en tirage limité et numérotée à la main, articulée autour de trois initiales emblématiques du monde de l&#8217;imprimerie et de l&#8217;édition. Si d&#8217;ordinaire ce terme renvoie à que l&#8217;on appelle le « bon [&hellip;]</p>
