{"id":8191,"date":"2025-07-24T10:01:14","date_gmt":"2025-07-24T08:01:14","guid":{"rendered":"https:\/\/www.espace-avendre.com\/?post_type=event&#038;p=8191"},"modified":"2025-07-24T10:01:16","modified_gmt":"2025-07-24T08:01:16","slug":"rencontre-avec-emmanuel-regent-et-thomas-tison","status":"publish","type":"event","link":"https:\/\/www.espace-avendre.com\/en\/event\/rencontre-avec-emmanuel-regent-et-thomas-tison\/","title":{"rendered":"Rencontre avec Emmanuel R\u00e9gent et Thomas Tison"},"content":{"rendered":"\n<p><strong>Vendredi 25 juillet 2025 \u00e0 partir de 17h30<\/strong>, la galerie vous invite \u00e0 une rencontre unique avec&nbsp;<strong>Emmanuel R\u00e9gent<\/strong>&nbsp;, artiste fid\u00e8le d&#8217;Espace \u00e0 vendre depuis 20 ans. Actuellement expos\u00e9 aux c\u00f4t\u00e9s de l&#8217;architecte naval&nbsp;<strong>Thomas Tison<\/strong>&nbsp;, Emmanuel R\u00e9gent pr\u00e9sente&nbsp;<strong>Cetacea<\/strong>&nbsp;, son \u0153uvre monumentale et interactive install\u00e9e sur le port de Nice dans le cadre de la&nbsp;<a href=\"https:\/\/9oi28.r.sp1-brevo.net\/mk\/cl\/f\/sh\/SMK1E8tHeG7ufTU1l1HKARugmPGH\/yPnHjc93c5if\" target=\"_blank\" rel=\"noreferrer noopener\">Biennale des Arts et de l&#8217;Oc\u00e9an<\/a>&nbsp;. Il reviendra \u00e9galement sur l&#8217;exposition en duo actuellement visible \u00e0 la galerie.<br>&nbsp;<\/p>\n\n\n\n<p>La soir\u00e9e sera aussi l&#8217;occasion d&#8217;\u00e9changer avec&nbsp;<strong>Thomas Tison<\/strong>&nbsp;, qui partagera son exp\u00e9rience d&#8217;architecte du bateau du D\u00e9fi anglais,&nbsp;<strong>vainqueur de la prestigieuse America&#8217;s Cup en 2024<\/strong>&nbsp;. Il \u00e9voquera son parcours, ses projets en cours \u00e0 la darse de Villefranche-sur-Mer o\u00f9 il vient de s&#8217;installer, ainsi que sa premi\u00e8re incursion dans le monde de l&#8217;art \u00e0 travers cette exposition.<\/p>\n","protected":false},"excerpt":{"rendered":"<p>Vendredi 25 juillet 2025 \u00e0 partir de 17h30, la galerie vous invite \u00e0 une rencontre unique avec&nbsp;Emmanuel R\u00e9gent&nbsp;, artiste fid\u00e8le d&#8217;Espace \u00e0 vendre depuis 20 ans. Actuellement expos\u00e9 aux c\u00f4t\u00e9s de l&#8217;architecte naval&nbsp;Thomas Tison&nbsp;, Emmanuel R\u00e9gent pr\u00e9sente&nbsp;Cetacea&nbsp;, son \u0153uvre monumentale et interactive install\u00e9e sur le port de Nice dans le cadre de la&nbsp;Biennale des Arts [&hellip;]<\/p>\n","protected":false},"author":3,"featured_media":8192,"template":"","categories":[],"tags":[],"class_list":["post-8191","event","type-event","status-publish","has-post-thumbnail","hentry"],"acf":[],"_links":{"self":[{"href":"https:\/\/www.espace-avendre.com\/en\/wp-json\/wp\/v2\/event\/8191","targetHints":{"allow":["GET"]}}],"collection":[{"href":"https:\/\/www.espace-avendre.com\/en\/wp-json\/wp\/v2\/event"}],"about":[{"href":"https:\/\/www.espace-avendre.com\/en\/wp-json\/wp\/v2\/types\/event"}],"author":[{"embeddable":true,"href":"https:\/\/www.espace-avendre.com\/en\/wp-json\/wp\/v2\/users\/3"}],"wp:featuredmedia":[{"embeddable":true,"href":"https:\/\/www.espace-avendre.com\/en\/wp-json\/wp\/v2\/media\/8192"}],"wp:attachment":[{"href":"https:\/\/www.espace-avendre.com\/en\/wp-json\/wp\/v2\/media?parent=8191"}],"wp:term":[{"taxonomy":"category","embeddable":true,"href":"https:\/\/www.espace-avendre.com\/en\/wp-json\/wp\/v2\/categories?post=8191"},{"taxonomy":"post_tag","embeddable":true,"href":"https:\/\/www.espace-avendre.com\/en\/wp-json\/wp\/v2\/tags?post=8191"}],"curies":[{"name":"wp","href":"https:\/\/api.w.org\/{rel}","templated":true}]}}

Rencontre avec Emmanuel Régent et Thomas Tison

<p><strong>Vendredi 25 juillet 2025 à partir de 17h30</strong>, la galerie vous invite à une rencontre unique avec&nbsp;<strong>Emmanuel Régent</strong>&nbsp;, artiste fidèle d&#8217;Espace à vendre depuis 20 ans. Actuellement exposé aux côtés de l&#8217;architecte naval&nbsp;<strong>Thomas Tison</strong>&nbsp;, Emmanuel Régent présente&nbsp;<strong>Cetacea</strong>&nbsp;, son œuvre monumentale et interactive installée sur le port de Nice dans le cadre de la&nbsp;<a href="https://9oi28.r.sp1-brevo.net/mk/cl/f/sh/SMK1E8tHeG7ufTU1l1HKARugmPGH/yPnHjc93c5if" target="_blank" rel="noreferrer noopener">Biennale des Arts et de l&#8217;Océan</a>&nbsp;. Il reviendra également sur l&#8217;exposition en duo actuellement visible à la galerie.<br>&nbsp;</p>



<p>La soirée sera aussi l&#8217;occasion d&#8217;échanger avec&nbsp;<strong>Thomas Tison</strong>&nbsp;, qui partagera son expérience d&#8217;architecte du bateau du Défi anglais,&nbsp;<strong>vainqueur de la prestigieuse America&#8217;s Cup en 2024</strong>&nbsp;. Il évoquera son parcours, ses projets en cours à la darse de Villefranche-sur-Mer où il vient de s&#8217;installer, ainsi que sa première incursion dans le monde de l&#8217;art à travers cette exposition.</p>

<p>Vendredi 25 juillet 2025 à partir de 17h30, la galerie vous invite à une rencontre unique avec&nbsp;Emmanuel Régent&nbsp;, artiste fidèle d&#8217;Espace à vendre depuis 20 ans. Actuellement exposé aux côtés de l&#8217;architecte naval&nbsp;Thomas Tison&nbsp;, Emmanuel Régent présente&nbsp;Cetacea&nbsp;, son œuvre monumentale et interactive installée sur le port de Nice dans le cadre de la&nbsp;Biennale des Arts [&hellip;]</p>
