{"id":8172,"date":"2025-06-24T21:04:57","date_gmt":"2025-06-24T19:04:57","guid":{"rendered":"https:\/\/www.espace-avendre.com\/?post_type=event&#038;p=8172"},"modified":"2025-08-02T17:53:09","modified_gmt":"2025-08-02T15:53:09","slug":"pareidolie-salon-international-du-dessin-contemporain-a-marseille","status":"publish","type":"event","link":"https:\/\/www.espace-avendre.com\/en\/event\/pareidolie-salon-international-du-dessin-contemporain-a-marseille\/","title":{"rendered":"Par\u00e9idolie 2025 \u2014 Salon International du Dessin Contemporain \u00e0 Marseille"},"content":{"rendered":"\n<p>Espace \u00e0 vendre pr\u00e9sentera les artistes :<br><br><strong>Jeremy Griffaud<br>Thierry Lagalla<br>Jean-Philippe Roubaud<br>Karine Rougier<br>Egl\u00e9 Vismant\u00e9<\/strong><\/p>\n\n\n\n<p><strong>29, 30 &amp; 31 AOUT 2025<\/strong><\/p>\n\n\n\n<p>Temps fort de la rentr\u00e9e de l\u2019art contemporain \u00e0 Marseille \u00e0 la fin de l\u2019\u00e9t\u00e9, le Salon <strong>PAR\u00c9IDOLIE<\/strong> revient investir l\u2019espace d\u2019exposition du <strong>Ch\u00e2teau de Servi\u00e8res<\/strong> pendant le week-end arty de la capitale phoc\u00e9enne o\u00f9 se retrouvent chaque ann\u00e9e publics, artistes, collectionneurs, institutionnels et presse.<\/p>\n\n\n\n<p><strong>17 GALERIES FRAN\u00c7AISES ET EUROP\u00c9ENNES<\/strong><\/p>\n\n\n\n<p><strong>22,48 m2<\/strong> &#8211; Romainville | <strong>Galerie 8+4<\/strong> &#8211; Paris | <strong>Galerie Fran\u00e7oise Besson<\/strong> &#8211; Lyon | <strong>Binome<\/strong> &#8211; Paris | <strong>Cable Depot<\/strong> &#8211; Londres (GB) &#8211; Sofia (BU) | <strong>Dilecta<\/strong> &#8211; Paris | <strong>Galerie \u00c9ric Dupont<\/strong> &#8211; Paris | <strong>Espace \u00e0 Vendre<\/strong> &#8211; Nice | <strong>Annie Gentils Gallery<\/strong> &#8211; Anvers (BE) | <strong>Galerie Laurent Godin<\/strong> &#8211; Arles | <strong>Galerie Alain Gutharc<\/strong> &#8211; Paris | <strong>Hopstreet Gallery<\/strong> &#8211; Ixelles (BE) | <strong>Ingert <\/strong>&#8211; Paris | <strong>Galerie Bernard Jordan<\/strong> &#8211; Paris | <strong>Modulab<\/strong> &#8211; Metz | <strong>Galerie Nadja Vilenne<\/strong> &#8211; Li\u00e8ge (BE) | <strong>Galerie Anne de Villepoix<\/strong> &#8211; Paris<\/p>\n","protected":false},"excerpt":{"rendered":"<p>Espace \u00e0 vendre pr\u00e9sentera les artistes : Jeremy GriffaudThierry LagallaJean-Philippe RoubaudKarine RougierEgl\u00e9 Vismant\u00e9 29, 30 &amp; 31 AOUT 2025 Temps fort de la rentr\u00e9e de l\u2019art contemporain \u00e0 Marseille \u00e0 la fin de l\u2019\u00e9t\u00e9, le Salon PAR\u00c9IDOLIE revient investir l\u2019espace d\u2019exposition du Ch\u00e2teau de Servi\u00e8res pendant le week-end arty de la capitale phoc\u00e9enne o\u00f9 se [&hellip;]<\/p>\n","protected":false},"author":3,"featured_media":8173,"template":"","categories":[],"tags":[],"class_list":["post-8172","event","type-event","status-publish","has-post-thumbnail","hentry"],"acf":[],"_links":{"self":[{"href":"https:\/\/www.espace-avendre.com\/en\/wp-json\/wp\/v2\/event\/8172","targetHints":{"allow":["GET"]}}],"collection":[{"href":"https:\/\/www.espace-avendre.com\/en\/wp-json\/wp\/v2\/event"}],"about":[{"href":"https:\/\/www.espace-avendre.com\/en\/wp-json\/wp\/v2\/types\/event"}],"author":[{"embeddable":true,"href":"https:\/\/www.espace-avendre.com\/en\/wp-json\/wp\/v2\/users\/3"}],"wp:featuredmedia":[{"embeddable":true,"href":"https:\/\/www.espace-avendre.com\/en\/wp-json\/wp\/v2\/media\/8173"}],"wp:attachment":[{"href":"https:\/\/www.espace-avendre.com\/en\/wp-json\/wp\/v2\/media?parent=8172"}],"wp:term":[{"taxonomy":"category","embeddable":true,"href":"https:\/\/www.espace-avendre.com\/en\/wp-json\/wp\/v2\/categories?post=8172"},{"taxonomy":"post_tag","embeddable":true,"href":"https:\/\/www.espace-avendre.com\/en\/wp-json\/wp\/v2\/tags?post=8172"}],"curies":[{"name":"wp","href":"https:\/\/api.w.org\/{rel}","templated":true}]}}

Paréidolie 2025 — Salon International du Dessin Contemporain à Marseille

<p>Espace à vendre présentera les artistes :<br><br><strong>Jeremy Griffaud<br>Thierry Lagalla<br>Jean-Philippe Roubaud<br>Karine Rougier<br>Eglé Vismanté</strong></p>



<p><strong>29, 30 &amp; 31 AOUT 2025</strong></p>



<p>Temps fort de la rentrée de l’art contemporain à Marseille à la fin de l’été, le Salon <strong>PARÉIDOLIE</strong> revient investir l’espace d’exposition du <strong>Château de Servières</strong> pendant le week-end arty de la capitale phocéenne où se retrouvent chaque année publics, artistes, collectionneurs, institutionnels et presse.</p>



<p><strong>17 GALERIES FRANÇAISES ET EUROPÉENNES</strong></p>



<p><strong>22,48 m2</strong> &#8211; Romainville | <strong>Galerie 8+4</strong> &#8211; Paris | <strong>Galerie Françoise Besson</strong> &#8211; Lyon | <strong>Binome</strong> &#8211; Paris | <strong>Cable Depot</strong> &#8211; Londres (GB) &#8211; Sofia (BU) | <strong>Dilecta</strong> &#8211; Paris | <strong>Galerie Éric Dupont</strong> &#8211; Paris | <strong>Espace à Vendre</strong> &#8211; Nice | <strong>Annie Gentils Gallery</strong> &#8211; Anvers (BE) | <strong>Galerie Laurent Godin</strong> &#8211; Arles | <strong>Galerie Alain Gutharc</strong> &#8211; Paris | <strong>Hopstreet Gallery</strong> &#8211; Ixelles (BE) | <strong>Ingert </strong>&#8211; Paris | <strong>Galerie Bernard Jordan</strong> &#8211; Paris | <strong>Modulab</strong> &#8211; Metz | <strong>Galerie Nadja Vilenne</strong> &#8211; Liège (BE) | <strong>Galerie Anne de Villepoix</strong> &#8211; Paris</p>

<p>Espace à vendre présentera les artistes : Jeremy GriffaudThierry LagallaJean-Philippe RoubaudKarine RougierEglé Vismanté 29, 30 &amp; 31 AOUT 2025 Temps fort de la rentrée de l’art contemporain à Marseille à la fin de l’été, le Salon PARÉIDOLIE revient investir l’espace d’exposition du Château de Servières pendant le week-end arty de la capitale phocéenne où se [&hellip;]</p>
