{"id":7538,"date":"2024-03-30T16:22:01","date_gmt":"2024-03-30T15:22:01","guid":{"rendered":"https:\/\/www.espace-avendre.com\/?post_type=event&#038;p=7538"},"modified":"2024-03-30T16:32:28","modified_gmt":"2024-03-30T15:32:28","slug":"emmanuel-regent-pendentia-nubila","status":"publish","type":"event","link":"https:\/\/www.espace-avendre.com\/en\/event\/emmanuel-regent-pendentia-nubila\/","title":{"rendered":"Emmanuel R\u00e9gent &#8211; Pendentia Nubila"},"content":{"rendered":"\n<p>Intitul\u00e9e \u00ab\u00a0Pendentia Nubila\u00a0\u00bb [Les Nuages suspendus], la premi\u00e8re exposition d\u2019Emmanuel R\u00e9gent chez Dilecta, compos\u00e9e d\u2019une douzaine de dessins \u00e0 l\u2019encre de Chine et d\u2019aquarelles sur papier encore jamais expos\u00e9s, se place de fait sous le signe du d\u00e9r\u00e8glement. Un d\u00e9r\u00e8glement dont l\u2019artiste est parfois l\u2019observateur, lorsqu\u2019il repr\u00e9sente des lieux ou des situations t\u00e9moignant de l\u2019<em>hubris<\/em>\u00a0humaine sous ses multiples formes \u2013\u00a0les vestiges antiques c\u00f4toient les villes contemporaines en ruine, les naufrages ou les\u00a0<em>crashs<\/em>\u00a0d\u2019avions\u00a0\u2013\u00a0; d\u2019autres fois l\u2019agent, lorsqu\u2019il ponce ses tableaux, plonge dans un bain d\u2019encre noire ses propres dessins ou d\u00e9chire ses aquarelles, au risque de les perdre. Car le travail d\u2019Emmanuel R\u00e9gent a autant \u00e0 voir avec le temps suspendu qu\u2019avec la soudainet\u00e9 du fracas ou la violence de la fracture des vers d\u2019Ovide. Cette ambigu\u00eft\u00e9 structurelle infuse toute sa pratique, dans ses sujets mais aussi dans la forme qu\u2019il choisit de leur donner.<\/p>\n\n\n\n<p>L\u2019une des s\u00e9ries pr\u00e9sent\u00e9es, seul point de couleur de l\u2019exposition, figure des couchers de soleil, dans la tradition de la peinture sur le motif essayant de traduire le plus fid\u00e8lement possible une impression. Mais cette tradition, Emmanuel R\u00e9gent s\u2019y inscrit sans s\u2019y conformer pleinement&nbsp;: la meilleure de chacune de ces aquarelles peintes quotidiennement est syst\u00e9matiquement d\u00e9chir\u00e9e et cela autant pour imposer une certaine distance par rapport au sujet \u2013&nbsp;th\u00e8me par trop figur\u00e9 dans l\u2019histoire de l\u2019art, entre incarnation du sublime et clich\u00e9 de carte postale&nbsp;\u2013 que pour rappeler les limites de la repr\u00e9sentation et remettre en question son pouvoir illusionniste. Ces couchers de soleil se retrouvent alors dot\u00e9s d\u2019une forme d\u2019abstraction une fois morcel\u00e9s, priv\u00e9s de tous les rep\u00e8res habituels servant le mim\u00e9tisme, pour ne rester que dans la couleur. Les fragments qui r\u00e9sultent de ce processus sont soit \u00e9parpill\u00e9s, l\u2019image partielle devenant \u0153uvre \u00e0 part enti\u00e8re, ind\u00e9pendante du tout initial duquel elle provient&nbsp;; soit raccord\u00e9s de mani\u00e8re \u00e0 laisser apparente la trace de la d\u00e9chirure, sous la forme d\u2019une marge blanche plus ou moins grande, comme un \u00e9clair ou une cicatrice.<\/p>\n\n\n\n<p>Extrait du texte de Chris Marie Tyan \u00e0 propos de l&#8217;exposition<\/p>\n\n\n\n<p><a href=\"https:\/\/editions-dilecta.com\/fr\/events\/-101.html\" target=\"_blank\" rel=\"noreferrer noopener\"><strong><mark style=\"background-color:rgba(0, 0, 0, 0)\" class=\"has-inline-color has-vivid-cyan-blue-color\">Editions Dilecta, 49 rue Notre Dame de Nazareth 75003 Paris<\/mark><\/strong><\/a><\/p>\n","protected":false},"excerpt":{"rendered":"<p>Intitul\u00e9e \u00ab\u00a0Pendentia Nubila\u00a0\u00bb [Les Nuages suspendus], la premi\u00e8re exposition d\u2019Emmanuel R\u00e9gent chez Dilecta, compos\u00e9e d\u2019une douzaine de dessins \u00e0 l\u2019encre de Chine et d\u2019aquarelles sur papier encore jamais expos\u00e9s, se place de fait sous le signe du d\u00e9r\u00e8glement. Un d\u00e9r\u00e8glement dont l\u2019artiste est parfois l\u2019observateur, lorsqu\u2019il repr\u00e9sente des lieux ou des situations t\u00e9moignant de l\u2019hubris\u00a0humaine [&hellip;]<\/p>\n","protected":false},"author":6,"featured_media":7539,"template":"","categories":[],"tags":[],"class_list":["post-7538","event","type-event","status-publish","has-post-thumbnail","hentry"],"acf":[],"_links":{"self":[{"href":"https:\/\/www.espace-avendre.com\/en\/wp-json\/wp\/v2\/event\/7538","targetHints":{"allow":["GET"]}}],"collection":[{"href":"https:\/\/www.espace-avendre.com\/en\/wp-json\/wp\/v2\/event"}],"about":[{"href":"https:\/\/www.espace-avendre.com\/en\/wp-json\/wp\/v2\/types\/event"}],"author":[{"embeddable":true,"href":"https:\/\/www.espace-avendre.com\/en\/wp-json\/wp\/v2\/users\/6"}],"wp:featuredmedia":[{"embeddable":true,"href":"https:\/\/www.espace-avendre.com\/en\/wp-json\/wp\/v2\/media\/7539"}],"wp:attachment":[{"href":"https:\/\/www.espace-avendre.com\/en\/wp-json\/wp\/v2\/media?parent=7538"}],"wp:term":[{"taxonomy":"category","embeddable":true,"href":"https:\/\/www.espace-avendre.com\/en\/wp-json\/wp\/v2\/categories?post=7538"},{"taxonomy":"post_tag","embeddable":true,"href":"https:\/\/www.espace-avendre.com\/en\/wp-json\/wp\/v2\/tags?post=7538"}],"curies":[{"name":"wp","href":"https:\/\/api.w.org\/{rel}","templated":true}]}}

Emmanuel Régent &#8211; Pendentia Nubila

<p>Intitulée « Pendentia Nubila » [Les Nuages suspendus], la première exposition d’Emmanuel Régent chez Dilecta, composée d’une douzaine de dessins à l’encre de Chine et d’aquarelles sur papier encore jamais exposés, se place de fait sous le signe du dérèglement. Un dérèglement dont l’artiste est parfois l’observateur, lorsqu’il représente des lieux ou des situations témoignant de l’<em>hubris</em> humaine sous ses multiples formes – les vestiges antiques côtoient les villes contemporaines en ruine, les naufrages ou les <em>crashs</em> d’avions – ; d’autres fois l’agent, lorsqu’il ponce ses tableaux, plonge dans un bain d’encre noire ses propres dessins ou déchire ses aquarelles, au risque de les perdre. Car le travail d’Emmanuel Régent a autant à voir avec le temps suspendu qu’avec la soudaineté du fracas ou la violence de la fracture des vers d’Ovide. Cette ambiguïté structurelle infuse toute sa pratique, dans ses sujets mais aussi dans la forme qu’il choisit de leur donner.</p>



<p>L’une des séries présentées, seul point de couleur de l’exposition, figure des couchers de soleil, dans la tradition de la peinture sur le motif essayant de traduire le plus fidèlement possible une impression. Mais cette tradition, Emmanuel Régent s’y inscrit sans s’y conformer pleinement&nbsp;: la meilleure de chacune de ces aquarelles peintes quotidiennement est systématiquement déchirée et cela autant pour imposer une certaine distance par rapport au sujet –&nbsp;thème par trop figuré dans l’histoire de l’art, entre incarnation du sublime et cliché de carte postale&nbsp;– que pour rappeler les limites de la représentation et remettre en question son pouvoir illusionniste. Ces couchers de soleil se retrouvent alors dotés d’une forme d’abstraction une fois morcelés, privés de tous les repères habituels servant le mimétisme, pour ne rester que dans la couleur. Les fragments qui résultent de ce processus sont soit éparpillés, l’image partielle devenant œuvre à part entière, indépendante du tout initial duquel elle provient&nbsp;; soit raccordés de manière à laisser apparente la trace de la déchirure, sous la forme d’une marge blanche plus ou moins grande, comme un éclair ou une cicatrice.</p>



<p>Extrait du texte de Chris Marie Tyan à propos de l&#8217;exposition</p>



<p><a href="https://editions-dilecta.com/fr/events/-101.html" target="_blank" rel="noreferrer noopener"><strong><mark style="background-color:rgba(0, 0, 0, 0)" class="has-inline-color has-vivid-cyan-blue-color">Editions Dilecta, 49 rue Notre Dame de Nazareth 75003 Paris</mark></strong></a></p>

<p>Intitulée « Pendentia Nubila » [Les Nuages suspendus], la première exposition d’Emmanuel Régent chez Dilecta, composée d’une douzaine de dessins à l’encre de Chine et d’aquarelles sur papier encore jamais exposés, se place de fait sous le signe du dérèglement. Un dérèglement dont l’artiste est parfois l’observateur, lorsqu’il représente des lieux ou des situations témoignant de l’hubris humaine [&hellip;]</p>
