{"id":7410,"date":"2024-01-17T14:29:11","date_gmt":"2024-01-17T13:29:11","guid":{"rendered":"https:\/\/www.espace-avendre.com\/?post_type=event&#038;p=7410"},"modified":"2024-01-18T15:21:39","modified_gmt":"2024-01-18T14:21:39","slug":"lancement-du-nouveau-b-a-t-super-issue","status":"publish","type":"event","link":"https:\/\/www.espace-avendre.com\/en\/event\/lancement-du-nouveau-b-a-t-super-issue\/","title":{"rendered":"Lancement du nouveau B.A.T &#8211; SUPER ISSUE"},"content":{"rendered":"\n<p><strong>\u2022 Samedi 20 janvier de 15h \u00e0 19h<\/strong><\/p>\n\n\n\n<p>B.\u2200.T. est une revue d\u2019art annuelle articul\u00e9e autour de trois initiales embl\u00e9matiques du monde de l\u2019imprimerie et de l\u2019\u00e9dition. Si d\u2019ordinaire ce terme renvoie \u00e0 que l\u2019on appelle le \u00ab bon \u00e0 tirer \u00bb, dans le projet de <em><strong><a href=\"https:\/\/www.super-issue.com\/product\/b-t-6\" data-type=\"link\" data-id=\"https:\/\/www.super-issue.com\/product\/b-t-6\" target=\"_blank\" rel=\"noopener\">SUPER ISSUE<\/a><\/strong><\/em> ces lettres d\u00e9signent des notions diff\u00e9rentes \u00e0 chaque num\u00e9ro.<br>Depuis le 1er num\u00e9ro, 74 Artistes (de France et d&#8217;ailleurs) ont d\u00e9j\u00e0 particip\u00e9 par le dessin, la peinture, la photographie, la sculpture, le cyanotype ou encore le collage.<br><strong>Pour ce 6\u00e8me opus, il est question de mythes et de mysticisme, \u00e0 travers les trois entr\u00e9es suivantes : Bestiaires, All\u00e9gories &amp; Tot\u00e9misme.<\/strong><\/p>\n\n\n\n<p>&#8212;&#8212;&#8212;&#8212;&#8212;&#8212;&#8212;&#8212;&#8212;&#8212;&#8212;&#8212;&#8212;&#8212;&#8212;&#8212;&#8212;&#8212;-<\/p>\n\n\n\n<p>Artistes :<br>Lo\u00efc Alsina &#8211; Leos Ator &#8211; Arnus &#8211; Nils Bertho &#8211; Coline Brouillard &#8211; Yannick Cosso &#8211; Faf\u00e9 &#8211; Valentin Fedorov &#8211; Makiko Furuichi &#8211; Fanny Genoux &#8211; Robin Genoux &#8211; J\u00e9r\u00e9my Griffaud &#8211; Julien Griffaud &#8211; Yusuke Isao &#8211; LPM &#8211; Lo\u00efc Le Pivert &#8211; Florian Levy &#8211; Fran\u00e7ois Paris &#8211; Helge Paulsen &#8211; Benoit Pellerin &#8211; JP Racca Vammerisse &#8211; Julien Sampson &#8211; Quentin Spohn &#8211; Valentine Trassy &#8211; Hanna Tricoire &#8211; Isabelle Varlet &#8211; Egl\u00e9 Vismante<\/p>\n\n\n\n<p>&#8212;&#8212;&#8212;&#8212;&#8212;&#8212;&#8212;&#8212;&#8212;&#8212;&#8212;&#8212;&#8212;&#8212;&#8212;&#8212;&#8212;&#8212;-<br>16 X 22 cm<br>70 pages couleurs<br>\u00c9dit\u00e9 \u00e0 150 exemplaires num\u00e9rot\u00e9s \u00e0 la main<br>ISBN : 979-10-96081-22-6<\/p>\n","protected":false},"excerpt":{"rendered":"<p>\u2022 Samedi 20 janvier de 15h \u00e0 19h B.\u2200.T. est une revue d\u2019art annuelle articul\u00e9e autour de trois initiales embl\u00e9matiques du monde de l\u2019imprimerie et de l\u2019\u00e9dition. Si d\u2019ordinaire ce terme renvoie \u00e0 que l\u2019on appelle le \u00ab bon \u00e0 tirer \u00bb, dans le projet de SUPER ISSUE ces lettres d\u00e9signent des notions diff\u00e9rentes \u00e0 [&hellip;]<\/p>\n","protected":false},"author":6,"featured_media":7411,"template":"","categories":[],"tags":[],"class_list":["post-7410","event","type-event","status-publish","has-post-thumbnail","hentry"],"acf":[],"_links":{"self":[{"href":"https:\/\/www.espace-avendre.com\/en\/wp-json\/wp\/v2\/event\/7410","targetHints":{"allow":["GET"]}}],"collection":[{"href":"https:\/\/www.espace-avendre.com\/en\/wp-json\/wp\/v2\/event"}],"about":[{"href":"https:\/\/www.espace-avendre.com\/en\/wp-json\/wp\/v2\/types\/event"}],"author":[{"embeddable":true,"href":"https:\/\/www.espace-avendre.com\/en\/wp-json\/wp\/v2\/users\/6"}],"wp:featuredmedia":[{"embeddable":true,"href":"https:\/\/www.espace-avendre.com\/en\/wp-json\/wp\/v2\/media\/7411"}],"wp:attachment":[{"href":"https:\/\/www.espace-avendre.com\/en\/wp-json\/wp\/v2\/media?parent=7410"}],"wp:term":[{"taxonomy":"category","embeddable":true,"href":"https:\/\/www.espace-avendre.com\/en\/wp-json\/wp\/v2\/categories?post=7410"},{"taxonomy":"post_tag","embeddable":true,"href":"https:\/\/www.espace-avendre.com\/en\/wp-json\/wp\/v2\/tags?post=7410"}],"curies":[{"name":"wp","href":"https:\/\/api.w.org\/{rel}","templated":true}]}}

<p><strong>• Samedi 20 janvier de 15h à 19h</strong></p>



<p>B.∀.T. est une revue d’art annuelle articulée autour de trois initiales emblématiques du monde de l’imprimerie et de l’édition. Si d’ordinaire ce terme renvoie à que l’on appelle le « bon à tirer », dans le projet de <em><strong><a href="https://www.super-issue.com/product/b-t-6" data-type="link" data-id="https://www.super-issue.com/product/b-t-6" target="_blank" rel="noopener">SUPER ISSUE</a></strong></em> ces lettres désignent des notions différentes à chaque numéro.<br>Depuis le 1er numéro, 74 Artistes (de France et d&#8217;ailleurs) ont déjà participé par le dessin, la peinture, la photographie, la sculpture, le cyanotype ou encore le collage.<br><strong>Pour ce 6ème opus, il est question de mythes et de mysticisme, à travers les trois entrées suivantes : Bestiaires, Allégories &amp; Totémisme.</strong></p>



<p>&#8212;&#8212;&#8212;&#8212;&#8212;&#8212;&#8212;&#8212;&#8212;&#8212;&#8212;&#8212;&#8212;&#8212;&#8212;&#8212;&#8212;&#8212;-</p>



<p>Artistes :<br>Loïc Alsina &#8211; Leos Ator &#8211; Arnus &#8211; Nils Bertho &#8211; Coline Brouillard &#8211; Yannick Cosso &#8211; Fafé &#8211; Valentin Fedorov &#8211; Makiko Furuichi &#8211; Fanny Genoux &#8211; Robin Genoux &#8211; Jérémy Griffaud &#8211; Julien Griffaud &#8211; Yusuke Isao &#8211; LPM &#8211; Loïc Le Pivert &#8211; Florian Levy &#8211; François Paris &#8211; Helge Paulsen &#8211; Benoit Pellerin &#8211; JP Racca Vammerisse &#8211; Julien Sampson &#8211; Quentin Spohn &#8211; Valentine Trassy &#8211; Hanna Tricoire &#8211; Isabelle Varlet &#8211; Eglé Vismante</p>



<p>&#8212;&#8212;&#8212;&#8212;&#8212;&#8212;&#8212;&#8212;&#8212;&#8212;&#8212;&#8212;&#8212;&#8212;&#8212;&#8212;&#8212;&#8212;-<br>16 X 22 cm<br>70 pages couleurs<br>Édité à 150 exemplaires numérotés à la main<br>ISBN : 979-10-96081-22-6</p>

<p>• Samedi 20 janvier de 15h à 19h B.∀.T. est une revue d’art annuelle articulée autour de trois initiales emblématiques du monde de l’imprimerie et de l’édition. Si d’ordinaire ce terme renvoie à que l’on appelle le « bon à tirer », dans le projet de SUPER ISSUE ces lettres désignent des notions différentes à [&hellip;]</p>
