{"id":7068,"date":"2023-09-22T15:14:05","date_gmt":"2023-09-22T13:14:05","guid":{"rendered":"https:\/\/www.espace-avendre.com\/?post_type=event&#038;p=7068"},"modified":"2024-01-17T14:30:26","modified_gmt":"2024-01-17T13:30:26","slug":"jean-philippe-roubaud-didascalie-6-a-lombre-de-la-lumiere","status":"publish","type":"event","link":"https:\/\/www.espace-avendre.com\/en\/event\/jean-philippe-roubaud-didascalie-6-a-lombre-de-la-lumiere\/","title":{"rendered":"Jean-Philippe Roubaud : &#8220;Didascalie 6: A l&#8217;ombre de la\u00a0lumi\u00e8re&#8221;"},"content":{"rendered":"\n<p>Le dessin est \u00e0 l\u2019honneur avec l\u2019artiste cannois Jean-Philippe Roubaud. Le graphite envahit le Suquet des Artistes se d\u00e9clinant sous toutes ses formes, sur papier, sur c\u00e9ramique ou encore en fresque.<\/p>\n\n\n\n<p>\u00c0 travers des \u0153uvres tout en clair-obscur et illusion, l\u2019artiste nous adresse un&nbsp;<em>memento mori<\/em>&nbsp;contemporain, soulignant le passage du temps et le caract\u00e8re \u00e9ph\u00e9m\u00e8re de la vie.<\/p>\n\n\n\n<p><br><\/p>\n\n\n\n<p><br><\/p>\n\n\n\n<p><\/p>\n","protected":false},"excerpt":{"rendered":"<p>Le dessin est \u00e0 l\u2019honneur avec l\u2019artiste cannois Jean-Philippe Roubaud. Le graphite envahit le Suquet des Artistes se d\u00e9clinant sous toutes ses formes, sur papier, sur c\u00e9ramique ou encore en fresque. \u00c0 travers des \u0153uvres tout en clair-obscur et illusion, l\u2019artiste nous adresse un&nbsp;memento mori&nbsp;contemporain, soulignant le passage du temps et le caract\u00e8re \u00e9ph\u00e9m\u00e8re de [&hellip;]<\/p>\n","protected":false},"author":3,"featured_media":7071,"template":"","categories":[],"tags":[],"class_list":["post-7068","event","type-event","status-publish","has-post-thumbnail","hentry"],"acf":[],"_links":{"self":[{"href":"https:\/\/www.espace-avendre.com\/en\/wp-json\/wp\/v2\/event\/7068","targetHints":{"allow":["GET"]}}],"collection":[{"href":"https:\/\/www.espace-avendre.com\/en\/wp-json\/wp\/v2\/event"}],"about":[{"href":"https:\/\/www.espace-avendre.com\/en\/wp-json\/wp\/v2\/types\/event"}],"author":[{"embeddable":true,"href":"https:\/\/www.espace-avendre.com\/en\/wp-json\/wp\/v2\/users\/3"}],"wp:featuredmedia":[{"embeddable":true,"href":"https:\/\/www.espace-avendre.com\/en\/wp-json\/wp\/v2\/media\/7071"}],"wp:attachment":[{"href":"https:\/\/www.espace-avendre.com\/en\/wp-json\/wp\/v2\/media?parent=7068"}],"wp:term":[{"taxonomy":"category","embeddable":true,"href":"https:\/\/www.espace-avendre.com\/en\/wp-json\/wp\/v2\/categories?post=7068"},{"taxonomy":"post_tag","embeddable":true,"href":"https:\/\/www.espace-avendre.com\/en\/wp-json\/wp\/v2\/tags?post=7068"}],"curies":[{"name":"wp","href":"https:\/\/api.w.org\/{rel}","templated":true}]}}

Jean-Philippe Roubaud : &#8220;Didascalie 6: A l&#8217;ombre de la lumière&#8221;

<p>Le dessin est à l’honneur avec l’artiste cannois Jean-Philippe Roubaud. Le graphite envahit le Suquet des Artistes se déclinant sous toutes ses formes, sur papier, sur céramique ou encore en fresque.</p>



<p>À travers des œuvres tout en clair-obscur et illusion, l’artiste nous adresse un&nbsp;<em>memento mori</em>&nbsp;contemporain, soulignant le passage du temps et le caractère éphémère de la vie.</p>



<p><br></p>



<p><br></p>



<p></p>

<p>Le dessin est à l’honneur avec l’artiste cannois Jean-Philippe Roubaud. Le graphite envahit le Suquet des Artistes se déclinant sous toutes ses formes, sur papier, sur céramique ou encore en fresque. À travers des œuvres tout en clair-obscur et illusion, l’artiste nous adresse un&nbsp;memento mori&nbsp;contemporain, soulignant le passage du temps et le caractère éphémère de [&hellip;]</p>
