{"id":7050,"date":"2023-09-07T19:11:15","date_gmt":"2023-09-07T17:11:15","guid":{"rendered":"https:\/\/www.espace-avendre.com\/?post_type=event&#038;p=7050"},"modified":"2023-09-07T19:13:46","modified_gmt":"2023-09-07T17:13:46","slug":"signature-maxime-duveau","status":"publish","type":"event","link":"https:\/\/www.espace-avendre.com\/en\/event\/signature-maxime-duveau\/","title":{"rendered":"Signature &#8211; Maxime Duveau"},"content":{"rendered":"\n<p>Signature du dernier ouvrage de Maxime Duveau :<br>le samedi 9 septembre 2023 de 16h \u00e0 19h.<\/p>\n\n\n\n<p>C\u00e9V.ennes Trip &#8211; Premier roman graphique !<\/p>\n\n\n\n<p>48 pages. 23&#215;16,5cm. 135g. Auto-\u00e9dit\u00e9. 100 exemplaires num\u00e9rot\u00e9s.<br>25 \u20ac<\/p>\n\n\n\n<p>\u2014\u2014\u2014<\/p>\n\n\n\n<p>Cet \u00e9t\u00e9, j&#8217;ai r\u00e9alis\u00e9 un r\u00eave.<\/p>\n\n\n\n<p>Le r\u00eave de m\u00ealer r\u00e9cit, images et coloriage. De vous pr\u00e9senter mes copains, vous parler d&#8217;un voyage que j&#8217;ai fait dans les C\u00e9vennes et vous proposer cela dans un format in\u00e9dit.<br>En 2018, j&#8217;ai r\u00e9alis\u00e9 mon premier livre-objet \u00e0 l&#8217;occasion de mon exposition RingoleV.io Cosmique au MAMC+. Roman d\u00e9li\u00e9 et fictionnel o\u00f9 le texte \u00e9tait roi.<br>En 2023, ce sera mon premier roman graphique. \u00c0 mi-chemin du livre d&#8217;art. Proche de mes r\u00e9flexions artistiques bien entendu. Si ce n&#8217;est son prolongement.<br>Sur 48 pages, vous pourrez suivre les aventures de Eustache, Walter, Whity, Godet et Cagn On Rocks, sur les pas de Stevenson. Il y a de la bagarre, des affaires douteuses, du ricard et des concerts. Ainsi que des chevaux en bois, des voitures de hippies, et des tunnels psych\u00e9d\u00e9liques.<\/p>\n\n\n\n<p>Ce roman que j&#8217;ai parsem\u00e9 de couleurs, j&#8217;y ai boss\u00e9 avec \u00e9norm\u00e9ment de c\u0153ur durant tout l&#8217;\u00e9t\u00e9. C&#8217;est un projet qui infuse depuis bien longtemps et que je suis tr\u00e8s heureux de pouvoir enfin vous pr\u00e9senter. Il s&#8217;agit de la premi\u00e8re pierre d&#8217;un ensemble \u00e0 venir, qui je l&#8217;esp\u00e8re sera foisonnant et riche. C&#8217;est un premier essai, avec probablement ses maladresses, mais beaucoup d&#8217;amour et d&#8217;\u00e9nergie. Comme le sont souvent les meilleures pi\u00e8ces.<\/p>\n\n\n\n<p>\u2014\u2014\u2014<\/p>\n","protected":false},"excerpt":{"rendered":"<p>Signature du dernier ouvrage de Maxime Duveau :le samedi 9 septembre 2023 de 16h \u00e0 19h. C\u00e9V.ennes Trip &#8211; Premier roman graphique ! 48 pages. 23&#215;16,5cm. 135g. Auto-\u00e9dit\u00e9. 100 exemplaires num\u00e9rot\u00e9s.25 \u20ac \u2014\u2014\u2014 Cet \u00e9t\u00e9, j&#8217;ai r\u00e9alis\u00e9 un r\u00eave. Le r\u00eave de m\u00ealer r\u00e9cit, images et coloriage. De vous pr\u00e9senter mes copains, vous parler d&#8217;un [&hellip;]<\/p>\n","protected":false},"author":6,"featured_media":7051,"template":"","categories":[],"tags":[],"class_list":["post-7050","event","type-event","status-publish","has-post-thumbnail","hentry"],"acf":[],"_links":{"self":[{"href":"https:\/\/www.espace-avendre.com\/en\/wp-json\/wp\/v2\/event\/7050","targetHints":{"allow":["GET"]}}],"collection":[{"href":"https:\/\/www.espace-avendre.com\/en\/wp-json\/wp\/v2\/event"}],"about":[{"href":"https:\/\/www.espace-avendre.com\/en\/wp-json\/wp\/v2\/types\/event"}],"author":[{"embeddable":true,"href":"https:\/\/www.espace-avendre.com\/en\/wp-json\/wp\/v2\/users\/6"}],"wp:featuredmedia":[{"embeddable":true,"href":"https:\/\/www.espace-avendre.com\/en\/wp-json\/wp\/v2\/media\/7051"}],"wp:attachment":[{"href":"https:\/\/www.espace-avendre.com\/en\/wp-json\/wp\/v2\/media?parent=7050"}],"wp:term":[{"taxonomy":"category","embeddable":true,"href":"https:\/\/www.espace-avendre.com\/en\/wp-json\/wp\/v2\/categories?post=7050"},{"taxonomy":"post_tag","embeddable":true,"href":"https:\/\/www.espace-avendre.com\/en\/wp-json\/wp\/v2\/tags?post=7050"}],"curies":[{"name":"wp","href":"https:\/\/api.w.org\/{rel}","templated":true}]}}

<p>Signature du dernier ouvrage de Maxime Duveau :<br>le samedi 9 septembre 2023 de 16h à 19h.</p>



<p>CéV.ennes Trip &#8211; Premier roman graphique !</p>



<p>48 pages. 23&#215;16,5cm. 135g. Auto-édité. 100 exemplaires numérotés.<br>25 €</p>



<p>———</p>



<p>Cet été, j&#8217;ai réalisé un rêve.</p>



<p>Le rêve de mêler récit, images et coloriage. De vous présenter mes copains, vous parler d&#8217;un voyage que j&#8217;ai fait dans les Cévennes et vous proposer cela dans un format inédit.<br>En 2018, j&#8217;ai réalisé mon premier livre-objet à l&#8217;occasion de mon exposition RingoleV.io Cosmique au MAMC+. Roman délié et fictionnel où le texte était roi.<br>En 2023, ce sera mon premier roman graphique. À mi-chemin du livre d&#8217;art. Proche de mes réflexions artistiques bien entendu. Si ce n&#8217;est son prolongement.<br>Sur 48 pages, vous pourrez suivre les aventures de Eustache, Walter, Whity, Godet et Cagn On Rocks, sur les pas de Stevenson. Il y a de la bagarre, des affaires douteuses, du ricard et des concerts. Ainsi que des chevaux en bois, des voitures de hippies, et des tunnels psychédéliques.</p>



<p>Ce roman que j&#8217;ai parsemé de couleurs, j&#8217;y ai bossé avec énormément de cœur durant tout l&#8217;été. C&#8217;est un projet qui infuse depuis bien longtemps et que je suis très heureux de pouvoir enfin vous présenter. Il s&#8217;agit de la première pierre d&#8217;un ensemble à venir, qui je l&#8217;espère sera foisonnant et riche. C&#8217;est un premier essai, avec probablement ses maladresses, mais beaucoup d&#8217;amour et d&#8217;énergie. Comme le sont souvent les meilleures pièces.</p>



<p>———</p>

<p>Signature du dernier ouvrage de Maxime Duveau :le samedi 9 septembre 2023 de 16h à 19h. CéV.ennes Trip &#8211; Premier roman graphique ! 48 pages. 23&#215;16,5cm. 135g. Auto-édité. 100 exemplaires numérotés.25 € ——— Cet été, j&#8217;ai réalisé un rêve. Le rêve de mêler récit, images et coloriage. De vous présenter mes copains, vous parler d&#8217;un [&hellip;]</p>
