{"id":7014,"date":"2023-07-29T16:10:45","date_gmt":"2023-07-29T14:10:45","guid":{"rendered":"https:\/\/www.espace-avendre.com\/?post_type=event&#038;p=7014"},"modified":"2023-08-20T00:25:36","modified_gmt":"2023-08-19T22:25:36","slug":"fermeture-estivale-du-1er-au-26-aout-inclus","status":"publish","type":"event","link":"https:\/\/www.espace-avendre.com\/en\/event\/fermeture-estivale-du-1er-au-26-aout-inclus\/","title":{"rendered":"Fermeture estivale du 1er au 26 ao\u00fbt inclus"},"content":{"rendered":"\n<p><strong>Fermeture estivale de la galerie Espace \u00e0 vendre du 1er au 26 ao\u00fbt inclus<\/strong><\/p>\n\n\n\n<p>Visite sur rendez-vous possible du 08 ao\u00fbt au 26 ao\u00fbt inclus en nous contactant :<br><em>contact@espace-avendre.com<\/em><\/p>\n\n\n\n<p><strong>R\u00e9ouverture le mardi 29 ao\u00fbt 2023<\/strong> <br>avec :<br> <em><a href=\"https:\/\/www.espace-avendre.com\/affiche-ribambelle-2023\/\" data-type=\"product\" data-id=\"6858\" target=\"_blank\" rel=\"noreferrer noopener\">Ribambelle !<\/a><\/em> 26 artistes.<br>Jusqu&#8217;au 9 septembre.<br><br>Ev\u00e8nement ;<br><strong>Jean-Luc Verna<\/strong> \u2014 Vous n\u2019\u00eates pas un peu beaucoup maquill\u00e9 ? \u2014 Non.<br>30 ao\u00fbt &#8211; 3 septembre<br><a href=\"https:\/\/le-couvent.org\/\" target=\"_blank\" rel=\"noopener\">Le couvent<\/a>, Levat, Belle de mai, 52 rue Levat, 13 003 Marseille<br><br>Salon :<br>10e \u00e9dition de\u00a0<strong><a href=\"https:\/\/pareidolie.net\/\" target=\"_blank\" rel=\"noreferrer noopener\">Par\u00e9idolie<\/a><\/strong>, salon international du dessin contemporain<br>1, 2 et 3 septembre avec : <strong>Thierry Lagalla<\/strong>, <strong>Karine Rougier<\/strong> et <strong>Jean-Luc Verna<\/strong><br><a href=\"http:\/\/chateaudeservieres.org\/\" target=\"_blank\" rel=\"noopener\">Ch\u00e2teau de Servi\u00e8res<\/a>, 11-19 boulevard Boisson \u2013 13004 Marseille<br><\/p>\n\n\n\n<p><strong>SAVE THE DATE<\/strong> : <br>Prochain vernissage \u00e0 Nice, vendredi 22 septembre \u00e0 18h<\/p>\n\n\n\n<p> <a href=\"https:\/\/www.espace-avendre.com\/exposition\/tango\/\" data-type=\"exhibition\" data-id=\"6980\" target=\"_blank\" rel=\"noreferrer noopener\"><strong>John Wood &amp; Paul Harrison<\/strong><\/a>, <em>Tango<\/em><br>et <a href=\"https:\/\/www.espace-avendre.com\/exposition\/cest-la-bete\/\" data-type=\"exhibition\" data-id=\"6973\" target=\"_blank\" rel=\"noreferrer noopener\"><strong>Moussa Sarr<\/strong><\/a>, <em>La b\u00eate !<\/em><\/p>\n","protected":false},"excerpt":{"rendered":"<p>Fermeture estivale de la galerie Espace \u00e0 vendre du 1er au 26 ao\u00fbt inclus Visite sur rendez-vous possible du 08 ao\u00fbt au 26 ao\u00fbt inclus en nous contactant :contact@espace-avendre.com R\u00e9ouverture le mardi 29 ao\u00fbt 2023 avec : Ribambelle ! 26 artistes.Jusqu&#8217;au 9 septembre. Ev\u00e8nement ;Jean-Luc Verna \u2014 Vous n\u2019\u00eates pas un peu beaucoup maquill\u00e9 ? [&hellip;]<\/p>\n","protected":false},"author":6,"featured_media":7015,"template":"","categories":[],"tags":[],"class_list":["post-7014","event","type-event","status-publish","has-post-thumbnail","hentry"],"acf":[],"_links":{"self":[{"href":"https:\/\/www.espace-avendre.com\/en\/wp-json\/wp\/v2\/event\/7014","targetHints":{"allow":["GET"]}}],"collection":[{"href":"https:\/\/www.espace-avendre.com\/en\/wp-json\/wp\/v2\/event"}],"about":[{"href":"https:\/\/www.espace-avendre.com\/en\/wp-json\/wp\/v2\/types\/event"}],"author":[{"embeddable":true,"href":"https:\/\/www.espace-avendre.com\/en\/wp-json\/wp\/v2\/users\/6"}],"wp:featuredmedia":[{"embeddable":true,"href":"https:\/\/www.espace-avendre.com\/en\/wp-json\/wp\/v2\/media\/7015"}],"wp:attachment":[{"href":"https:\/\/www.espace-avendre.com\/en\/wp-json\/wp\/v2\/media?parent=7014"}],"wp:term":[{"taxonomy":"category","embeddable":true,"href":"https:\/\/www.espace-avendre.com\/en\/wp-json\/wp\/v2\/categories?post=7014"},{"taxonomy":"post_tag","embeddable":true,"href":"https:\/\/www.espace-avendre.com\/en\/wp-json\/wp\/v2\/tags?post=7014"}],"curies":[{"name":"wp","href":"https:\/\/api.w.org\/{rel}","templated":true}]}}

Fermeture estivale du 1er au 26 août inclus

<p><strong>Fermeture estivale de la galerie Espace à vendre du 1er au 26 août inclus</strong></p>



<p>Visite sur rendez-vous possible du 08 août au 26 août inclus en nous contactant :<br><em>contact@espace-avendre.com</em></p>



<p><strong>Réouverture le mardi 29 août 2023</strong> <br>avec :<br> <em><a href="https://www.espace-avendre.com/affiche-ribambelle-2023/" data-type="product" data-id="6858" target="_blank" rel="noreferrer noopener">Ribambelle !</a></em> 26 artistes.<br>Jusqu&#8217;au 9 septembre.<br><br>Evènement ;<br><strong>Jean-Luc Verna</strong> — Vous n’êtes pas un peu beaucoup maquillé ? — Non.<br>30 août &#8211; 3 septembre<br><a href="https://le-couvent.org/" target="_blank" rel="noopener">Le couvent</a>, Levat, Belle de mai, 52 rue Levat, 13 003 Marseille<br><br>Salon :<br>10e édition de <strong><a href="https://pareidolie.net/" target="_blank" rel="noreferrer noopener">Paréidolie</a></strong>, salon international du dessin contemporain<br>1, 2 et 3 septembre avec : <strong>Thierry Lagalla</strong>, <strong>Karine Rougier</strong> et <strong>Jean-Luc Verna</strong><br><a href="http://chateaudeservieres.org/" target="_blank" rel="noopener">Château de Servières</a>, 11-19 boulevard Boisson – 13004 Marseille<br></p>



<p><strong>SAVE THE DATE</strong> : <br>Prochain vernissage à Nice, vendredi 22 septembre à 18h</p>



<p> <a href="https://www.espace-avendre.com/exposition/tango/" data-type="exhibition" data-id="6980" target="_blank" rel="noreferrer noopener"><strong>John Wood &amp; Paul Harrison</strong></a>, <em>Tango</em><br>et <a href="https://www.espace-avendre.com/exposition/cest-la-bete/" data-type="exhibition" data-id="6973" target="_blank" rel="noreferrer noopener"><strong>Moussa Sarr</strong></a>, <em>La bête !</em></p>

<p>Fermeture estivale de la galerie Espace à vendre du 1er au 26 août inclus Visite sur rendez-vous possible du 08 août au 26 août inclus en nous contactant :contact@espace-avendre.com Réouverture le mardi 29 août 2023 avec : Ribambelle ! 26 artistes.Jusqu&#8217;au 9 septembre. Evènement ;Jean-Luc Verna — Vous n’êtes pas un peu beaucoup maquillé ? [&hellip;]</p>
