{"id":6904,"date":"2023-06-24T18:11:45","date_gmt":"2023-06-24T16:11:45","guid":{"rendered":"https:\/\/www.espace-avendre.com\/?post_type=event&#038;p=6904"},"modified":"2023-08-18T18:26:07","modified_gmt":"2023-08-18T16:26:07","slug":"jean-luc-verna-le-couvent","status":"publish","type":"event","link":"https:\/\/www.espace-avendre.com\/en\/event\/jean-luc-verna-le-couvent\/","title":{"rendered":"Jean-Luc Verna  \u2014 Vous n\u2019\u00eates pas un peu beaucoup maquill\u00e9 ? \u2014 Non."},"content":{"rendered":"\n<p>Au sein de la programmation de <a href=\"https:\/\/pareidolie.net\/La-Saison-du-Dessin-2023-1\" target=\"_blank\" rel=\"noreferrer noopener\"><strong>La Saison du Dessin<\/strong><\/a> organis\u00e9e par le <a href=\"http:\/\/chateaudeservieres.org\/\" target=\"_blank\" rel=\"noreferrer noopener\"><strong>Ch\u00e2teau de Servi\u00e8res<\/strong><\/a> autour de <a href=\"https:\/\/pareidolie.net\/\" target=\"_blank\" rel=\"noopener\"><strong>Pareidolie<\/strong><\/a> l&#8217;artiste <a href=\"https:\/\/www.espace-avendre.com\/artiste\/jean-luc-verna\/\" data-type=\"artist\" data-id=\"64\" target=\"_blank\" rel=\"noreferrer noopener\"><strong>Jean-Luc Verna<\/strong><\/a> exposera du 30 ao\u00fbt au 3 septembre \u00e0 :<br><br><a href=\"https:\/\/le-couvent.org\/\" target=\"_blank\" rel=\"noopener\"><strong>Le Couvent<\/strong><\/a> &#8211; 52 rue Levat, 13 003 Marseille<br><br>Une collaboration, Pareidolie, Le couvent &#8211; Levat &#8211; Belle de mai et Espace \u00e0 vendre.<br><br>Photo Maxime Grossier, Adagp<\/p>\n","protected":false},"excerpt":{"rendered":"<p>Au sein de la programmation de La Saison du Dessin organis\u00e9e par le Ch\u00e2teau de Servi\u00e8res autour de Pareidolie l&#8217;artiste Jean-Luc Verna exposera du 30 ao\u00fbt au 3 septembre \u00e0 : Le Couvent &#8211; 52 rue Levat, 13 003 Marseille Une collaboration, Pareidolie, Le couvent &#8211; Levat &#8211; Belle de mai et Espace \u00e0 vendre. [&hellip;]<\/p>\n","protected":false},"author":6,"featured_media":6906,"template":"","categories":[],"tags":[],"class_list":["post-6904","event","type-event","status-publish","has-post-thumbnail","hentry"],"acf":[],"_links":{"self":[{"href":"https:\/\/www.espace-avendre.com\/en\/wp-json\/wp\/v2\/event\/6904","targetHints":{"allow":["GET"]}}],"collection":[{"href":"https:\/\/www.espace-avendre.com\/en\/wp-json\/wp\/v2\/event"}],"about":[{"href":"https:\/\/www.espace-avendre.com\/en\/wp-json\/wp\/v2\/types\/event"}],"author":[{"embeddable":true,"href":"https:\/\/www.espace-avendre.com\/en\/wp-json\/wp\/v2\/users\/6"}],"wp:featuredmedia":[{"embeddable":true,"href":"https:\/\/www.espace-avendre.com\/en\/wp-json\/wp\/v2\/media\/6906"}],"wp:attachment":[{"href":"https:\/\/www.espace-avendre.com\/en\/wp-json\/wp\/v2\/media?parent=6904"}],"wp:term":[{"taxonomy":"category","embeddable":true,"href":"https:\/\/www.espace-avendre.com\/en\/wp-json\/wp\/v2\/categories?post=6904"},{"taxonomy":"post_tag","embeddable":true,"href":"https:\/\/www.espace-avendre.com\/en\/wp-json\/wp\/v2\/tags?post=6904"}],"curies":[{"name":"wp","href":"https:\/\/api.w.org\/{rel}","templated":true}]}}

Jean-Luc Verna  — Vous n’êtes pas un peu beaucoup maquillé ? — Non.

<p>Au sein de la programmation de <a href="https://pareidolie.net/La-Saison-du-Dessin-2023-1" target="_blank" rel="noreferrer noopener"><strong>La Saison du Dessin</strong></a> organisée par le <a href="http://chateaudeservieres.org/" target="_blank" rel="noreferrer noopener"><strong>Château de Servières</strong></a> autour de <a href="https://pareidolie.net/" target="_blank" rel="noopener"><strong>Pareidolie</strong></a> l&#8217;artiste <a href="https://www.espace-avendre.com/artiste/jean-luc-verna/" data-type="artist" data-id="64" target="_blank" rel="noreferrer noopener"><strong>Jean-Luc Verna</strong></a> exposera du 30 août au 3 septembre à :<br><br><a href="https://le-couvent.org/" target="_blank" rel="noopener"><strong>Le Couvent</strong></a> &#8211; 52 rue Levat, 13 003 Marseille<br><br>Une collaboration, Pareidolie, Le couvent &#8211; Levat &#8211; Belle de mai et Espace à vendre.<br><br>Photo Maxime Grossier, Adagp</p>

<p>Au sein de la programmation de La Saison du Dessin organisée par le Château de Servières autour de Pareidolie l&#8217;artiste Jean-Luc Verna exposera du 30 août au 3 septembre à : Le Couvent &#8211; 52 rue Levat, 13 003 Marseille Une collaboration, Pareidolie, Le couvent &#8211; Levat &#8211; Belle de mai et Espace à vendre. [&hellip;]</p>
