{"id":6901,"date":"2023-06-24T17:28:07","date_gmt":"2023-06-24T15:28:07","guid":{"rendered":"https:\/\/www.espace-avendre.com\/?post_type=event&#038;p=6901"},"modified":"2023-06-24T17:34:03","modified_gmt":"2023-06-24T15:34:03","slug":"eva-medin-ni-drame-ni-suspense","status":"publish","type":"event","link":"https:\/\/www.espace-avendre.com\/en\/event\/eva-medin-ni-drame-ni-suspense\/","title":{"rendered":"Eva Medin &#8211; Ni drame ni suspense"},"content":{"rendered":"\n<p>Exposition collective. Curatrices : Marie de Gaulejac, Florence Gosset, Victorine Grataloup et Camille Ramanana RaharyUne proposition de <a href=\"https:\/\/www.lafriche.org\/la-friche\/frichistes\/triangle-asterides\/\" target=\"_blank\" rel=\"noopener\">Triangle &#8211; Ast\u00e9rides<\/a>.<\/p>\n\n\n\n<p>L\u2019exposition estivale&nbsp;<em><a href=\"https:\/\/www.lafriche.org\/evenements\/ni-drame-ni-suspense\/\" target=\"_blank\" rel=\"noreferrer noopener\"><strong>Ni drame ni suspense<\/strong><\/a><\/em>&nbsp;(les conditions de la dur\u00e9e) r\u00e9unit quinze artistes aux pratiques et esth\u00e9tiques diverses, qui ont pour point commun de travailler depuis bient\u00f4t deux ans dans les Ateliers de la Ville de Marseille.<\/p>\n\n\n\n<p>23 juin \u2013 24 septembre 2023. R4, Friche la Belle de Mai, 41 rue Jobin, 13003 Marseille<\/p>\n","protected":false},"excerpt":{"rendered":"<p>Exposition collective. Curatrices : Marie de Gaulejac, Florence Gosset, Victorine Grataloup et Camille Ramanana RaharyUne proposition de Triangle &#8211; Ast\u00e9rides. L\u2019exposition estivale&nbsp;Ni drame ni suspense&nbsp;(les conditions de la dur\u00e9e) r\u00e9unit quinze artistes aux pratiques et esth\u00e9tiques diverses, qui ont pour point commun de travailler depuis bient\u00f4t deux ans dans les Ateliers de la Ville de [&hellip;]<\/p>\n","protected":false},"author":6,"featured_media":6902,"template":"","categories":[],"tags":[],"class_list":["post-6901","event","type-event","status-publish","has-post-thumbnail","hentry"],"acf":[],"_links":{"self":[{"href":"https:\/\/www.espace-avendre.com\/en\/wp-json\/wp\/v2\/event\/6901","targetHints":{"allow":["GET"]}}],"collection":[{"href":"https:\/\/www.espace-avendre.com\/en\/wp-json\/wp\/v2\/event"}],"about":[{"href":"https:\/\/www.espace-avendre.com\/en\/wp-json\/wp\/v2\/types\/event"}],"author":[{"embeddable":true,"href":"https:\/\/www.espace-avendre.com\/en\/wp-json\/wp\/v2\/users\/6"}],"wp:featuredmedia":[{"embeddable":true,"href":"https:\/\/www.espace-avendre.com\/en\/wp-json\/wp\/v2\/media\/6902"}],"wp:attachment":[{"href":"https:\/\/www.espace-avendre.com\/en\/wp-json\/wp\/v2\/media?parent=6901"}],"wp:term":[{"taxonomy":"category","embeddable":true,"href":"https:\/\/www.espace-avendre.com\/en\/wp-json\/wp\/v2\/categories?post=6901"},{"taxonomy":"post_tag","embeddable":true,"href":"https:\/\/www.espace-avendre.com\/en\/wp-json\/wp\/v2\/tags?post=6901"}],"curies":[{"name":"wp","href":"https:\/\/api.w.org\/{rel}","templated":true}]}}

<p>Exposition collective. Curatrices : Marie de Gaulejac, Florence Gosset, Victorine Grataloup et Camille Ramanana RaharyUne proposition de <a href="https://www.lafriche.org/la-friche/frichistes/triangle-asterides/" target="_blank" rel="noopener">Triangle &#8211; Astérides</a>.</p>



<p>L’exposition estivale&nbsp;<em><a href="https://www.lafriche.org/evenements/ni-drame-ni-suspense/" target="_blank" rel="noreferrer noopener"><strong>Ni drame ni suspense</strong></a></em>&nbsp;(les conditions de la durée) réunit quinze artistes aux pratiques et esthétiques diverses, qui ont pour point commun de travailler depuis bientôt deux ans dans les Ateliers de la Ville de Marseille.</p>



<p>23 juin – 24 septembre 2023. R4, Friche la Belle de Mai, 41 rue Jobin, 13003 Marseille</p>

<p>Exposition collective. Curatrices : Marie de Gaulejac, Florence Gosset, Victorine Grataloup et Camille Ramanana RaharyUne proposition de Triangle &#8211; Astérides. L’exposition estivale&nbsp;Ni drame ni suspense&nbsp;(les conditions de la durée) réunit quinze artistes aux pratiques et esthétiques diverses, qui ont pour point commun de travailler depuis bientôt deux ans dans les Ateliers de la Ville de [&hellip;]</p>
