{"id":6790,"date":"2023-05-30T17:28:01","date_gmt":"2023-05-30T15:28:01","guid":{"rendered":"https:\/\/www.espace-avendre.com\/?post_type=event&#038;p=6790"},"modified":"2023-05-30T17:29:00","modified_gmt":"2023-05-30T15:29:00","slug":"on-est-tous-fou","status":"publish","type":"event","link":"https:\/\/www.espace-avendre.com\/en\/event\/on-est-tous-fou\/","title":{"rendered":"On est tous fou"},"content":{"rendered":"\n<p>Exposition collective avec notamment les oeuvres de Thierry Lagalla, St\u00e9phane Steiner, Jean-Luc Verna, et Arnaud Labelle-Rojoux, du 05 mai au 06 mai 2024, au mus\u00e9e international d&#8217;art na\u00eff Anatole Jokovsky, Nice.<\/p>\n\n\n\n<p><strong>Le mus\u00e9e a donn\u00e9 carte blanche \u00e0 Ben qui, pendant une ann\u00e9e, investit plus de 500 m2 du mus\u00e9e habituellement d\u00e9di\u00e9 \u00e0 l\u2019art na\u00eff, brut et singulier avec affection et humour.<\/strong><\/p>\n","protected":false},"excerpt":{"rendered":"<p>Exposition collective avec notamment les oeuvres de Thierry Lagalla, St\u00e9phane Steiner, Jean-Luc Verna, et Arnaud Labelle-Rojoux, du 05 mai au 06 mai 2024, au mus\u00e9e international d&#8217;art na\u00eff Anatole Jokovsky, Nice. Le mus\u00e9e a donn\u00e9 carte blanche \u00e0 Ben qui, pendant une ann\u00e9e, investit plus de 500 m2 du mus\u00e9e habituellement d\u00e9di\u00e9 \u00e0 l\u2019art na\u00eff, [&hellip;]<\/p>\n","protected":false},"author":6,"featured_media":6797,"template":"","categories":[],"tags":[],"class_list":["post-6790","event","type-event","status-publish","has-post-thumbnail","hentry"],"acf":[],"_links":{"self":[{"href":"https:\/\/www.espace-avendre.com\/en\/wp-json\/wp\/v2\/event\/6790","targetHints":{"allow":["GET"]}}],"collection":[{"href":"https:\/\/www.espace-avendre.com\/en\/wp-json\/wp\/v2\/event"}],"about":[{"href":"https:\/\/www.espace-avendre.com\/en\/wp-json\/wp\/v2\/types\/event"}],"author":[{"embeddable":true,"href":"https:\/\/www.espace-avendre.com\/en\/wp-json\/wp\/v2\/users\/6"}],"wp:featuredmedia":[{"embeddable":true,"href":"https:\/\/www.espace-avendre.com\/en\/wp-json\/wp\/v2\/media\/6797"}],"wp:attachment":[{"href":"https:\/\/www.espace-avendre.com\/en\/wp-json\/wp\/v2\/media?parent=6790"}],"wp:term":[{"taxonomy":"category","embeddable":true,"href":"https:\/\/www.espace-avendre.com\/en\/wp-json\/wp\/v2\/categories?post=6790"},{"taxonomy":"post_tag","embeddable":true,"href":"https:\/\/www.espace-avendre.com\/en\/wp-json\/wp\/v2\/tags?post=6790"}],"curies":[{"name":"wp","href":"https:\/\/api.w.org\/{rel}","templated":true}]}}

<p>Exposition collective avec notamment les oeuvres de Thierry Lagalla, Stéphane Steiner, Jean-Luc Verna, et Arnaud Labelle-Rojoux, du 05 mai au 06 mai 2024, au musée international d&#8217;art naïf Anatole Jokovsky, Nice.</p>



<p><strong>Le musée a donné carte blanche à Ben qui, pendant une année, investit plus de 500 m2 du musée habituellement dédié à l’art naïf, brut et singulier avec affection et humour.</strong></p>

<p>Exposition collective avec notamment les oeuvres de Thierry Lagalla, Stéphane Steiner, Jean-Luc Verna, et Arnaud Labelle-Rojoux, du 05 mai au 06 mai 2024, au musée international d&#8217;art naïf Anatole Jokovsky, Nice. Le musée a donné carte blanche à Ben qui, pendant une année, investit plus de 500 m2 du musée habituellement dédié à l’art naïf, [&hellip;]</p>
